Last updated on 2024-06-30 00:59:20 CEST.
Flavor | Version | Tinstall | Tcheck | Ttotal | Status | Flags |
---|---|---|---|---|---|---|
r-devel-linux-x86_64-debian-clang | 1.2 | 1.38 | 16.05 | 17.43 | OK | |
r-devel-linux-x86_64-debian-gcc | 1.2 | 1.18 | 13.03 | 14.21 | OK | |
r-devel-linux-x86_64-fedora-clang | 1.2 | 23.69 | NOTE | |||
r-devel-linux-x86_64-fedora-gcc | 1.2 | 22.78 | NOTE | |||
r-devel-windows-x86_64 | 1.2 | 2.00 | 32.00 | 34.00 | OK | |
r-patched-linux-x86_64 | 1.2 | 1.60 | 16.21 | 17.81 | OK | |
r-release-linux-x86_64 | 1.2 | 1.47 | 16.27 | 17.74 | OK | |
r-release-macos-arm64 | 1.2 | 12.00 | OK | |||
r-release-macos-x86_64 | 1.2 | 16.00 | OK | |||
r-release-windows-x86_64 | 1.2 | 2.00 | 33.00 | 35.00 | OK | |
r-oldrel-macos-arm64 | 1.2 | 15.00 | OK | |||
r-oldrel-macos-x86_64 | 1.2 | 16.00 | OK | |||
r-oldrel-windows-x86_64 | 1.2 | 2.00 | 31.00 | 33.00 | OK |
Version: 1.2
Check: data for non-ASCII characters
Result: NOTE
Note: found 3 marked UTF-8 strings
Flavors: r-devel-linux-x86_64-fedora-clang, r-devel-linux-x86_64-fedora-gcc