Last updated on 2024-06-30 00:59:20 CEST.
Flavor | Version | Tinstall | Tcheck | Ttotal | Status | Flags |
---|---|---|---|---|---|---|
r-devel-linux-x86_64-debian-clang | 0.4.0 | 47.02 | 68.85 | 115.87 | NOTE | |
r-devel-linux-x86_64-debian-gcc | 0.4.0 | 36.19 | 50.39 | 86.58 | NOTE | |
r-devel-linux-x86_64-fedora-clang | 0.4.0 | 151.39 | NOTE | |||
r-devel-linux-x86_64-fedora-gcc | 0.4.0 | 155.31 | NOTE | |||
r-devel-windows-x86_64 | 0.4.0 | 39.00 | 85.00 | 124.00 | NOTE | |
r-patched-linux-x86_64 | 0.4.0 | 49.66 | 66.51 | 116.17 | NOTE | |
r-release-linux-x86_64 | 0.4.0 | 41.80 | 64.72 | 106.52 | NOTE | |
r-release-macos-arm64 | 0.4.0 | 41.00 | NOTE | |||
r-release-macos-x86_64 | 0.4.0 | 68.00 | NOTE | |||
r-release-windows-x86_64 | 0.4.0 | 39.00 | 82.00 | 121.00 | NOTE | |
r-oldrel-macos-arm64 | 0.4.0 | 44.00 | NOTE | |||
r-oldrel-macos-x86_64 | 0.4.0 | 69.00 | NOTE | |||
r-oldrel-windows-x86_64 | 0.4.0 | 50.00 | 99.00 | 149.00 | NOTE |
Version: 0.4.0
Check: C++ specification
Result: NOTE
Specified C++11: please drop specification unless essential
Flavors: r-devel-linux-x86_64-debian-clang, r-devel-linux-x86_64-debian-gcc, r-devel-linux-x86_64-fedora-clang, r-devel-linux-x86_64-fedora-gcc, r-devel-windows-x86_64, r-patched-linux-x86_64, r-release-linux-x86_64, r-release-macos-arm64, r-release-macos-x86_64, r-release-windows-x86_64, r-oldrel-macos-arm64, r-oldrel-macos-x86_64, r-oldrel-windows-x86_64