Last updated on 2024-06-30 00:59:20 CEST.
Flavor | Version | Tinstall | Tcheck | Ttotal | Status | Flags |
---|---|---|---|---|---|---|
r-devel-linux-x86_64-debian-clang | 0.7-13 | 21.64 | 109.63 | 131.27 | OK | |
r-devel-linux-x86_64-debian-gcc | 0.7-13 | 13.86 | 78.95 | 92.81 | OK | |
r-devel-linux-x86_64-fedora-clang | 0.7-13 | 158.28 | NOTE | |||
r-devel-linux-x86_64-fedora-gcc | 0.7-13 | 315.69 | OK | |||
r-devel-windows-x86_64 | 0.7-13 | 22.00 | 103.00 | 125.00 | OK | |
r-patched-linux-x86_64 | 0.7-13 | 19.26 | 101.81 | 121.07 | OK | |
r-release-linux-x86_64 | 0.7-13 | 18.87 | 102.09 | 120.96 | OK | |
r-release-macos-arm64 | 0.7-13 | 93.00 | OK | |||
r-release-macos-x86_64 | 0.7-13 | 141.00 | OK | |||
r-release-windows-x86_64 | 0.7-13 | 21.00 | 107.00 | 128.00 | OK | |
r-oldrel-macos-arm64 | 0.7-13 | 102.00 | OK | |||
r-oldrel-macos-x86_64 | 0.7-13 | 231.00 | OK | |||
r-oldrel-windows-x86_64 | 0.7-13 | 26.00 | 120.00 | 146.00 | OK |
Version: 0.7-13
Check: installed package size
Result: NOTE
installed size is 5.1Mb
sub-directories of 1Mb or more:
doc 1.2Mb
libs 3.2Mb
Flavor: r-devel-linux-x86_64-fedora-clang