Last updated on 2024-06-30 00:59:20 CEST.
Flavor | Version | Tinstall | Tcheck | Ttotal | Status | Flags |
---|---|---|---|---|---|---|
r-devel-linux-x86_64-debian-clang | 0.2.0.0 | 2.19 | 26.02 | 28.21 | NOTE | |
r-devel-linux-x86_64-debian-gcc | 0.2.0.0 | 2.39 | 19.86 | 22.25 | NOTE | |
r-devel-linux-x86_64-fedora-clang | 0.2.0.0 | 35.42 | NOTE | |||
r-devel-linux-x86_64-fedora-gcc | 0.2.0.0 | 33.30 | NOTE | |||
r-devel-windows-x86_64 | 0.2.0.0 | 3.00 | 38.00 | 41.00 | NOTE | |
r-patched-linux-x86_64 | 0.2.0.0 | 2.44 | 25.33 | 27.77 | NOTE | |
r-release-linux-x86_64 | 0.2.0.0 | 3.03 | 24.15 | 27.18 | NOTE | |
r-release-macos-arm64 | 0.2.0.0 | 15.00 | NOTE | |||
r-release-macos-x86_64 | 0.2.0.0 | 21.00 | NOTE | |||
r-release-windows-x86_64 | 0.2.0.0 | 3.00 | 37.00 | 40.00 | NOTE | |
r-oldrel-macos-arm64 | 0.2.0.0 | 16.00 | NOTE | |||
r-oldrel-macos-x86_64 | 0.2.0.0 | 21.00 | NOTE | |||
r-oldrel-windows-x86_64 | 0.2.0.0 | 4.00 | 38.00 | 42.00 | NOTE |
Version: 0.2.0.0
Check: LazyData
Result: NOTE
'LazyData' is specified without a 'data' directory
Flavors: r-devel-linux-x86_64-debian-clang, r-devel-linux-x86_64-debian-gcc, r-devel-linux-x86_64-fedora-clang, r-devel-linux-x86_64-fedora-gcc, r-devel-windows-x86_64, r-patched-linux-x86_64, r-release-linux-x86_64, r-release-macos-arm64, r-release-macos-x86_64, r-release-windows-x86_64, r-oldrel-macos-arm64, r-oldrel-macos-x86_64, r-oldrel-windows-x86_64