Last updated on 2024-08-16 09:49:11 CEST.
Flavor | Version | Tinstall | Tcheck | Ttotal | Status | Flags |
---|---|---|---|---|---|---|
r-devel-linux-x86_64-debian-clang | 1.0.2 | 19.53 | 45.16 | 64.69 | OK | |
r-devel-linux-x86_64-debian-gcc | 1.0.2 | 13.73 | 32.56 | 46.29 | OK | |
r-devel-linux-x86_64-fedora-clang | 1.0.2 | 94.66 | OK | |||
r-devel-linux-x86_64-fedora-gcc | 1.0.2 | 94.17 | OK | |||
r-devel-windows-x86_64 | 1.0.2 | 17.00 | 59.00 | 76.00 | OK | |
r-patched-linux-x86_64 | 1.0.2 | 19.02 | 42.88 | 61.90 | OK | |
r-release-linux-x86_64 | 1.0.2 | 20.67 | 44.05 | 64.72 | OK | |
r-release-macos-arm64 | 1.0.2 | 40.00 | NOTE | |||
r-release-macos-x86_64 | 1.0.2 | 59.00 | NOTE | |||
r-release-windows-x86_64 | 1.0.2 | 17.00 | 59.00 | 76.00 | OK | |
r-oldrel-macos-arm64 | 1.0.2 | 46.00 | NOTE | |||
r-oldrel-macos-x86_64 | 1.0.2 | 68.00 | NOTE | |||
r-oldrel-windows-x86_64 | 1.0.2 | 26.00 | 71.00 | 97.00 | OK |
Version: 1.0.2
Check: installed package size
Result: NOTE
installed size is 5.2Mb
sub-directories of 1Mb or more:
data 5.1Mb
Flavors: r-release-macos-arm64, r-release-macos-x86_64, r-oldrel-macos-arm64, r-oldrel-macos-x86_64