Last updated on 2024-06-30 00:59:20 CEST.
Flavor | Version | Tinstall | Tcheck | Ttotal | Status | Flags |
---|---|---|---|---|---|---|
r-devel-linux-x86_64-debian-clang | 0.3.0 | 2.10 | 22.42 | 24.52 | OK | |
r-devel-linux-x86_64-debian-gcc | 0.3.0 | 2.02 | 17.34 | 19.36 | OK | |
r-devel-linux-x86_64-fedora-clang | 0.3.0 | 31.38 | NOTE | |||
r-devel-linux-x86_64-fedora-gcc | 0.3.0 | 30.26 | NOTE | |||
r-devel-windows-x86_64 | 0.3.0 | 4.00 | 37.00 | 41.00 | OK | |
r-patched-linux-x86_64 | 0.3.0 | 2.70 | 20.98 | 23.68 | OK | |
r-release-linux-x86_64 | 0.3.0 | 2.31 | 20.79 | 23.10 | OK | |
r-release-macos-arm64 | 0.3.0 | 15.00 | OK | |||
r-release-macos-x86_64 | 0.3.0 | 23.00 | OK | |||
r-release-windows-x86_64 | 0.3.0 | 4.00 | 37.00 | 41.00 | OK | |
r-oldrel-macos-arm64 | 0.3.0 | 16.00 | OK | |||
r-oldrel-macos-x86_64 | 0.3.0 | 22.00 | OK | |||
r-oldrel-windows-x86_64 | 0.3.0 | 4.00 | 38.00 | 42.00 | OK |
Version: 0.3.0
Check: data for non-ASCII characters
Result: NOTE
Note: found 7284 marked UTF-8 strings
Flavors: r-devel-linux-x86_64-fedora-clang, r-devel-linux-x86_64-fedora-gcc