Last updated on 2024-06-30 00:59:21 CEST.
Flavor | Version | Tinstall | Tcheck | Ttotal | Status | Flags |
---|---|---|---|---|---|---|
r-devel-linux-x86_64-debian-clang | 1.0.0 | 17.38 | 152.92 | 170.30 | NOTE | |
r-devel-linux-x86_64-debian-gcc | 1.0.0 | 13.64 | 114.78 | 128.42 | NOTE | |
r-devel-linux-x86_64-fedora-clang | 1.0.0 | 216.35 | NOTE | |||
r-devel-linux-x86_64-fedora-gcc | 1.0.0 | 220.83 | NOTE | |||
r-devel-windows-x86_64 | 1.0.0 | 15.00 | 114.00 | 129.00 | NOTE | |
r-patched-linux-x86_64 | 1.0.0 | 16.21 | 148.24 | 164.45 | NOTE | |
r-release-linux-x86_64 | 1.0.0 | 16.70 | 151.52 | 168.22 | NOTE | |
r-release-macos-arm64 | 1.0.0 | 59.00 | NOTE | |||
r-release-macos-x86_64 | 1.0.0 | 96.00 | NOTE | |||
r-release-windows-x86_64 | 1.0.0 | 14.00 | 115.00 | 129.00 | NOTE | |
r-oldrel-macos-arm64 | 1.0.0 | 76.00 | NOTE | |||
r-oldrel-macos-x86_64 | 1.0.0 | 110.00 | NOTE | |||
r-oldrel-windows-x86_64 | 1.0.0 | 19.00 | 135.00 | 154.00 | NOTE |
Version: 1.0.0
Check: LazyData
Result: NOTE
'LazyData' is specified without a 'data' directory
Flavors: r-devel-linux-x86_64-debian-clang, r-devel-linux-x86_64-debian-gcc, r-devel-linux-x86_64-fedora-clang, r-devel-linux-x86_64-fedora-gcc, r-devel-windows-x86_64, r-patched-linux-x86_64, r-release-linux-x86_64, r-release-macos-arm64, r-release-macos-x86_64, r-release-windows-x86_64, r-oldrel-macos-arm64, r-oldrel-macos-x86_64, r-oldrel-windows-x86_64
Version: 1.0.0
Check: dependencies in R code
Result: NOTE
Namespaces in Imports field not imported from:
‘knitr’ ‘tibble’
All declared Imports should be used.
Flavors: r-devel-linux-x86_64-fedora-clang, r-devel-linux-x86_64-fedora-gcc