Last updated on 2024-06-16 11:58:02 CEST.
Flavor | Version | Tinstall | Tcheck | Ttotal | Status | Flags |
---|---|---|---|---|---|---|
r-devel-linux-x86_64-debian-clang | 0.5.6 | 15.00 | 137.85 | 152.85 | OK | |
r-devel-linux-x86_64-debian-gcc | 0.5.6 | 9.99 | 113.47 | 123.46 | OK | |
r-devel-linux-x86_64-fedora-clang | 0.5.6 | 250.69 | NOTE | |||
r-devel-linux-x86_64-fedora-gcc | 0.5.6 | 243.66 | NOTE | |||
r-devel-windows-x86_64 | 0.5.6 | 12.00 | 229.00 | 241.00 | OK | |
r-patched-linux-x86_64 | 0.5.6 | 18.14 | 146.44 | 164.58 | OK | |
r-release-linux-x86_64 | 0.5.6 | 11.95 | 145.31 | 157.26 | OK | |
r-release-macos-arm64 | 0.5.6 | 537.00 | OK | |||
r-release-macos-x86_64 | 0.5.6 | 536.00 | OK | |||
r-release-windows-x86_64 | 0.5.6 | 12.00 | 216.00 | 228.00 | OK | |
r-oldrel-macos-arm64 | 0.5.6 | 505.00 | OK | |||
r-oldrel-macos-x86_64 | 0.5.6 | 507.00 | OK | |||
r-oldrel-windows-x86_64 | 0.5.6 | 15.00 | 244.00 | 259.00 | OK |
Version: 0.5.6
Check: dependencies in R code
Result: NOTE
Namespace in Imports field not imported from: ‘httr’
All declared Imports should be used.
Flavors: r-devel-linux-x86_64-fedora-clang, r-devel-linux-x86_64-fedora-gcc
Version: 0.5.6
Check: data for non-ASCII characters
Result: NOTE
Note: found 7 marked UTF-8 strings
Flavors: r-devel-linux-x86_64-fedora-clang, r-devel-linux-x86_64-fedora-gcc