Last updated on 2024-06-16 11:58:02 CEST.
Flavor | Version | Tinstall | Tcheck | Ttotal | Status | Flags |
---|---|---|---|---|---|---|
r-devel-linux-x86_64-debian-clang | 0.1.7 | 9.39 | 80.55 | 89.94 | OK | |
r-devel-linux-x86_64-debian-gcc | 0.1.7 | 8.92 | 61.30 | 70.22 | OK | |
r-devel-linux-x86_64-fedora-clang | 0.1.7 | 72.97 | NOTE | |||
r-devel-linux-x86_64-fedora-gcc | 0.1.7 | 58.92 | NOTE | |||
r-devel-windows-x86_64 | 0.1.7 | 10.00 | 77.00 | 87.00 | ERROR | |
r-patched-linux-x86_64 | 0.1.7 | 7.19 | 75.80 | 82.99 | OK | |
r-release-linux-x86_64 | 0.1.6 | 6.94 | 77.88 | 84.82 | OK | |
r-release-macos-arm64 | 0.1.7 | 36.00 | OK | |||
r-release-macos-x86_64 | 0.1.7 | 88.00 | OK | |||
r-release-windows-x86_64 | 0.1.7 | 10.00 | 75.00 | 85.00 | OK | |
r-oldrel-macos-arm64 | 0.1.7 | 50.00 | OK | |||
r-oldrel-macos-x86_64 | 0.1.7 | 78.00 | OK | |||
r-oldrel-windows-x86_64 | 0.1.7 | 12.00 | 88.00 | 100.00 | OK |
Version: 0.1.7
Check: data for non-ASCII characters
Result: NOTE
Note: found 1242 marked UTF-8 strings
Flavors: r-devel-linux-x86_64-fedora-clang, r-devel-linux-x86_64-fedora-gcc
Version: 0.1.7
Check: whether package can be installed
Result: ERROR
Installation failed.
Flavor: r-devel-windows-x86_64