Last updated on 2024-06-16 11:58:02 CEST.
Flavor | Version | Tinstall | Tcheck | Ttotal | Status | Flags |
---|---|---|---|---|---|---|
r-devel-linux-x86_64-debian-clang | 3.0.0.0 | 5.48 | 55.59 | 61.07 | NOTE | |
r-devel-linux-x86_64-debian-gcc | 3.0.0.0 | 4.29 | 42.39 | 46.68 | NOTE | |
r-devel-linux-x86_64-fedora-clang | 3.0.0.0 | 77.88 | NOTE | |||
r-devel-linux-x86_64-fedora-gcc | 3.0.0.0 | 87.63 | NOTE | |||
r-devel-windows-x86_64 | 3.0.0.0 | 6.00 | 81.00 | 87.00 | NOTE | |
r-patched-linux-x86_64 | 3.0.0.0 | 7.78 | 53.80 | 61.58 | NOTE | |
r-release-linux-x86_64 | 3.0.0.0 | 5.75 | 53.07 | 58.82 | NOTE | |
r-release-macos-arm64 | 3.0.0.0 | 31.00 | NOTE | |||
r-release-macos-x86_64 | 3.0.0.0 | 68.00 | NOTE | |||
r-release-windows-x86_64 | 3.0.0.0 | 6.00 | 81.00 | 87.00 | NOTE | |
r-oldrel-macos-arm64 | 3.0.0.0 | 35.00 | OK | |||
r-oldrel-macos-x86_64 | 3.0.0.0 | 51.00 | OK | |||
r-oldrel-windows-x86_64 | 3.0.0.0 | 8.00 | 81.00 | 89.00 | OK |
Version: 3.0.0.0
Check: Rd files
Result: NOTE
checkRd: (-1) formula.oglmx.Rd:49: Lost braces
49 | \code{\link{oglmx}}, code{\link[lmtest]{lrtest}}, code{\link{formula}}.
| ^
checkRd: (-1) formula.oglmx.Rd:49: Lost braces
49 | \code{\link{oglmx}}, code{\link[lmtest]{lrtest}}, code{\link{formula}}.
| ^
Flavors: r-devel-linux-x86_64-debian-clang, r-devel-linux-x86_64-debian-gcc, r-devel-linux-x86_64-fedora-clang, r-devel-linux-x86_64-fedora-gcc, r-devel-windows-x86_64, r-patched-linux-x86_64, r-release-linux-x86_64, r-release-macos-arm64, r-release-macos-x86_64, r-release-windows-x86_64