Last updated on 2024-06-30 00:59:20 CEST.
Flavor | Version | Tinstall | Tcheck | Ttotal | Status | Flags |
---|---|---|---|---|---|---|
r-devel-linux-x86_64-debian-clang | 1.2 | 59.33 | 691.41 | 750.74 | OK | |
r-devel-linux-x86_64-debian-gcc | 1.2 | 52.83 | 526.48 | 579.31 | OK | |
r-devel-linux-x86_64-fedora-clang | 1.2 | 1023.96 | OK | |||
r-devel-linux-x86_64-fedora-gcc | 1.2 | 972.23 | OK | |||
r-devel-windows-x86_64 | 1.2 | 54.00 | 444.00 | 498.00 | OK | |
r-patched-linux-x86_64 | 1.2 | 48.59 | 678.04 | 726.63 | OK | |
r-release-linux-x86_64 | 1.2 | 53.83 | 665.74 | 719.57 | OK | |
r-release-macos-arm64 | 1.2 | 5.00 | ERROR | |||
r-release-macos-x86_64 | 1.2 | 11.00 | ERROR | |||
r-release-windows-x86_64 | 1.2 | 53.00 | 453.00 | 506.00 | OK | |
r-oldrel-macos-arm64 | 1.2 | 10.00 | ERROR | |||
r-oldrel-macos-x86_64 | 1.2 | 14.00 | ERROR | |||
r-oldrel-windows-x86_64 | 1.2 | 70.00 | 604.00 | 674.00 | OK |
Version: 1.2
Check: package dependencies
Result: ERROR
Packages required but not available:
'TxDb.Hsapiens.UCSC.hg19.knownGene', 'TCGAbiolinks'
See section ‘The DESCRIPTION file’ in the ‘Writing R Extensions’
manual.
Flavors: r-release-macos-arm64, r-release-macos-x86_64
Version: 1.2
Check: package dependencies
Result: ERROR
Package required but not available: ‘TCGAbiolinks’
See section ‘The DESCRIPTION file’ in the ‘Writing R Extensions’
manual.
Flavors: r-oldrel-macos-arm64, r-oldrel-macos-x86_64