Last updated on 2024-06-30 00:59:20 CEST.
Flavor | Version | Tinstall | Tcheck | Ttotal | Status | Flags |
---|---|---|---|---|---|---|
r-devel-linux-x86_64-debian-clang | 0.3.0 | 7.73 | 26.19 | 33.92 | NOTE | |
r-devel-linux-x86_64-debian-gcc | 0.3.0 | 5.30 | 20.73 | 26.03 | NOTE | |
r-devel-linux-x86_64-fedora-clang | 0.3.0 | 46.02 | NOTE | |||
r-devel-linux-x86_64-fedora-gcc | 0.3.0 | 43.17 | NOTE | |||
r-devel-windows-x86_64 | 0.3.0 | 7.00 | 42.00 | 49.00 | NOTE | |
r-patched-linux-x86_64 | 0.3.0 | 7.96 | 25.63 | 33.59 | NOTE | |
r-release-linux-x86_64 | 0.3.0 | 6.39 | 26.01 | 32.40 | NOTE | |
r-release-macos-arm64 | 0.3.0 | 18.00 | NOTE | |||
r-release-macos-x86_64 | 0.3.0 | 24.00 | NOTE | |||
r-release-windows-x86_64 | 0.3.0 | 7.00 | 43.00 | 50.00 | NOTE | |
r-oldrel-macos-arm64 | 0.3.0 | 19.00 | NOTE | |||
r-oldrel-macos-x86_64 | 0.3.0 | 24.00 | NOTE | |||
r-oldrel-windows-x86_64 | 0.3.0 | 7.00 | 44.00 | 51.00 | NOTE |
Version: 0.3.0
Check: LazyData
Result: NOTE
'LazyData' is specified without a 'data' directory
Flavors: r-devel-linux-x86_64-debian-clang, r-devel-linux-x86_64-debian-gcc, r-devel-linux-x86_64-fedora-clang, r-devel-linux-x86_64-fedora-gcc, r-devel-windows-x86_64, r-patched-linux-x86_64, r-release-linux-x86_64, r-release-macos-arm64, r-release-macos-x86_64, r-release-windows-x86_64, r-oldrel-macos-arm64, r-oldrel-macos-x86_64, r-oldrel-windows-x86_64
Version: 0.3.0
Check: dependencies in R code
Result: NOTE
Namespace in Imports field not imported from: ‘R6’
All declared Imports should be used.
Flavors: r-devel-linux-x86_64-fedora-clang, r-devel-linux-x86_64-fedora-gcc