Last updated on 2024-08-16 09:49:11 CEST.
Flavor | Version | Tinstall | Tcheck | Ttotal | Status | Flags |
---|---|---|---|---|---|---|
r-devel-linux-x86_64-debian-clang | 4.2.6.1 | 95.92 | 112.19 | 208.11 | OK | |
r-devel-linux-x86_64-debian-gcc | 4.2.6.1 | 67.55 | 74.34 | 141.89 | OK | |
r-devel-linux-x86_64-fedora-clang | 4.2.6.1 | 351.21 | OK | |||
r-devel-linux-x86_64-fedora-gcc | 4.2.6.1 | 364.93 | OK | |||
r-devel-windows-x86_64 | 4.2.6.1 | 90.00 | 166.00 | 256.00 | OK | |
r-patched-linux-x86_64 | 4.2.6.1 | 93.91 | 106.47 | 200.38 | OK | |
r-release-linux-x86_64 | 4.2.6.1 | 89.27 | 105.52 | 194.79 | OK | |
r-release-macos-arm64 | 4.2.6.1 | 122.00 | WARN | |||
r-release-macos-x86_64 | 4.2.6.1 | 341.00 | WARN | |||
r-release-windows-x86_64 | 4.2.6.1 | 100.00 | 166.00 | 266.00 | OK | |
r-oldrel-macos-arm64 | 4.2.6.1 | 108.00 | WARN | |||
r-oldrel-macos-x86_64 | 4.2.6.1 | 254.00 | WARN | |||
r-oldrel-windows-x86_64 | 4.2.6.1 | 119.00 | 198.00 | 317.00 | OK |
Version: 4.2.6.1
Check: whether package can be installed
Result: WARN
Found the following significant warnings:
read_workbook.cpp:555:52: warning: format specifies type 'unsigned short' but the argument has type 'int' [-Wformat]
read_workbook.cpp:565:54: warning: format specifies type 'unsigned short' but the argument has type 'int' [-Wformat]
read_workbook.cpp:626:50: warning: format specifies type 'unsigned short' but the argument has type 'int' [-Wformat]
See ‘/Volumes/Builds/packages/big-sur-arm64/results/4.4/openxlsx.Rcheck/00install.out’ for details.
* used C++ compiler: ‘Apple clang version 14.0.0 (clang-1400.0.29.202)’
* used SDK: ‘MacOSX11.3.sdk’
Flavor: r-release-macos-arm64
Version: 4.2.6.1
Check: installed package size
Result: NOTE
installed size is 7.4Mb
sub-directories of 1Mb or more:
extdata 1.1Mb
libs 5.1Mb
Flavors: r-release-macos-arm64, r-release-macos-x86_64, r-oldrel-macos-arm64, r-oldrel-macos-x86_64
Version: 4.2.6.1
Check: whether package can be installed
Result: WARN
Found the following significant warnings:
read_workbook.cpp:555:52: warning: format specifies type 'unsigned short' but the argument has type 'int' [-Wformat]
read_workbook.cpp:565:54: warning: format specifies type 'unsigned short' but the argument has type 'int' [-Wformat]
read_workbook.cpp:626:50: warning: format specifies type 'unsigned short' but the argument has type 'int' [-Wformat]
See ‘/Volumes/Builds/packages/big-sur-x86_64/results/4.4/openxlsx.Rcheck/00install.out’ for details.
* used C++ compiler: ‘Apple clang version 14.0.3 (clang-1403.0.22.14.1)’
* used SDK: ‘MacOSX11.3.sdk’
Flavor: r-release-macos-x86_64
Version: 4.2.6.1
Check: whether package can be installed
Result: WARN
Found the following significant warnings:
read_workbook.cpp:555:52: warning: format specifies type 'unsigned short' but the argument has type 'int' [-Wformat]
read_workbook.cpp:565:54: warning: format specifies type 'unsigned short' but the argument has type 'int' [-Wformat]
read_workbook.cpp:626:50: warning: format specifies type 'unsigned short' but the argument has type 'int' [-Wformat]
See ‘/Volumes/Builds/packages/big-sur-arm64/results/4.3/openxlsx.Rcheck/00install.out’ for details.
* used C++ compiler: ‘Apple clang version 14.0.0 (clang-1400.0.29.202)’
* used SDK: ‘MacOSX11.3.sdk’
Flavor: r-oldrel-macos-arm64
Version: 4.2.6.1
Check: whether package can be installed
Result: WARN
Found the following significant warnings:
read_workbook.cpp:555:52: warning: format specifies type 'unsigned short' but the argument has type 'int' [-Wformat]
read_workbook.cpp:565:54: warning: format specifies type 'unsigned short' but the argument has type 'int' [-Wformat]
read_workbook.cpp:626:50: warning: format specifies type 'unsigned short' but the argument has type 'int' [-Wformat]
See ‘/Volumes/Builds/packages/big-sur-x86_64/results/4.3/openxlsx.Rcheck/00install.out’ for details.
* used C++ compiler: ‘Apple clang version 14.0.3 (clang-1403.0.22.14.1)’
* used SDK: ‘MacOSX11.3.sdk’
Flavor: r-oldrel-macos-x86_64