Last updated on 2024-06-30 00:59:21 CEST.
Flavor | Version | Tinstall | Tcheck | Ttotal | Status | Flags |
---|---|---|---|---|---|---|
r-devel-linux-x86_64-debian-clang | 3.0-3 | 13.38 | 105.55 | 118.93 | OK | |
r-devel-linux-x86_64-debian-gcc | 3.0-3 | 10.54 | 76.72 | 87.26 | OK | |
r-devel-linux-x86_64-fedora-clang | 3.0-3 | 148.08 | NOTE | |||
r-devel-linux-x86_64-fedora-gcc | 3.0-3 | 140.01 | NOTE | |||
r-devel-windows-x86_64 | 3.0-3 | 19.00 | 108.00 | 127.00 | OK | |
r-patched-linux-x86_64 | 3.0-3 | 18.94 | 101.36 | 120.30 | OK | |
r-release-linux-x86_64 | 3.0-3 | 11.03 | 100.90 | 111.93 | OK | |
r-release-macos-arm64 | 3.0-3 | 54.00 | OK | |||
r-release-macos-x86_64 | 3.0-3 | 72.00 | OK | |||
r-release-windows-x86_64 | 3.0-3 | 18.00 | 107.00 | 125.00 | OK | |
r-oldrel-macos-arm64 | 3.0-3 | 57.00 | OK | |||
r-oldrel-macos-x86_64 | 3.0-3 | 81.00 | OK | |||
r-oldrel-windows-x86_64 | 3.0-3 | 23.00 | 127.00 | 150.00 | OK |
Version: 3.0-3
Check: Rd cross-references
Result: NOTE
Undeclared package ‘vegan’ in Rd xrefs
Flavor: r-devel-linux-x86_64-fedora-clang
Version: 3.0-3
Check: compiled code
Result: NOTE
File ‘optpart/libs/optpart.so’:
Found no calls to: ‘R_registerRoutines’, ‘R_useDynamicSymbols’
It is good practice to register native routines and to disable symbol
search.
See ‘Writing portable packages’ in the ‘Writing R Extensions’ manual.
Flavors: r-devel-linux-x86_64-fedora-clang, r-devel-linux-x86_64-fedora-gcc