Last updated on 2024-06-30 00:59:21 CEST.
Flavor | Version | Tinstall | Tcheck | Ttotal | Status | Flags |
---|---|---|---|---|---|---|
r-devel-linux-x86_64-debian-clang | 1.0.0 | 13.47 | 92.07 | 105.54 | NOTE | |
r-devel-linux-x86_64-debian-gcc | 1.0.0 | 10.91 | 66.81 | 77.72 | NOTE | |
r-devel-linux-x86_64-fedora-clang | 1.0.0 | 128.44 | NOTE | |||
r-devel-linux-x86_64-fedora-gcc | 1.0.0 | 121.62 | NOTE | |||
r-devel-windows-x86_64 | 1.0.0 | 11.00 | 77.00 | 88.00 | OK | |
r-patched-linux-x86_64 | 1.0.0 | 17.18 | 87.49 | 104.67 | NOTE | |
r-release-linux-x86_64 | 1.0.0 | 12.77 | 86.61 | 99.38 | NOTE | |
r-release-macos-arm64 | 1.0.0 | 48.00 | OK | |||
r-release-macos-x86_64 | 1.0.0 | 65.00 | OK | |||
r-release-windows-x86_64 | 1.0.0 | 10.00 | 75.00 | 85.00 | OK | |
r-oldrel-macos-arm64 | 1.0.0 | 44.00 | OK | |||
r-oldrel-macos-x86_64 | 1.0.0 | 67.00 | OK | |||
r-oldrel-windows-x86_64 | 1.0.0 | 13.00 | 92.00 | 105.00 | OK |
Version: 1.0.0
Check: for non-standard things in the check directory
Result: NOTE
Found the following files/directories:
‘Graph_layout_Doptrcd_trtE’
Flavors: r-devel-linux-x86_64-debian-clang, r-devel-linux-x86_64-debian-gcc, r-devel-linux-x86_64-fedora-clang, r-devel-linux-x86_64-fedora-gcc, r-patched-linux-x86_64, r-release-linux-x86_64