Last updated on 2024-06-30 00:59:21 CEST.
Flavor | Version | Tinstall | Tcheck | Ttotal | Status | Flags |
---|---|---|---|---|---|---|
r-devel-linux-x86_64-debian-clang | 0.6.3.3 | 30.92 | 72.72 | 103.64 | OK | |
r-devel-linux-x86_64-debian-gcc | 0.6.3.3 | 28.54 | 53.87 | 82.41 | OK | |
r-devel-linux-x86_64-fedora-clang | 0.6.3.3 | 139.84 | OK | |||
r-devel-linux-x86_64-fedora-gcc | 0.6.3.3 | 141.43 | OK | |||
r-devel-windows-x86_64 | 0.6.3.3 | 50.00 | 88.00 | 138.00 | OK | |
r-patched-linux-x86_64 | 0.6.3.3 | 32.87 | 68.15 | 101.02 | OK | |
r-release-linux-x86_64 | 0.6.3.3 | 33.49 | 68.04 | 101.53 | OK | |
r-release-macos-arm64 | 0.6.3.3 | 53.00 | OK | |||
r-release-macos-x86_64 | 0.6.3.3 | 102.00 | OK | |||
r-release-windows-x86_64 | 0.6.3.3 | 51.00 | 85.00 | 136.00 | OK | |
r-oldrel-macos-arm64 | 0.6.3.3 | 49.00 | OK | |||
r-oldrel-macos-x86_64 | 0.6.3.3 | 109.00 | OK | |||
r-oldrel-windows-x86_64 | 0.6.3.3 | 58.00 | 104.00 | 162.00 | ERROR |
Version: 0.6.3.3
Check: whether package can be installed
Result: ERROR
Installation failed.
Flavor: r-oldrel-windows-x86_64