Last updated on 2024-06-30 00:59:21 CEST.
Flavor | Version | Tinstall | Tcheck | Ttotal | Status | Flags |
---|---|---|---|---|---|---|
r-devel-linux-x86_64-debian-clang | 1.9.0 | 99.24 | 49.00 | 148.24 | OK | |
r-devel-linux-x86_64-debian-gcc | 1.9.0 | 76.76 | 37.70 | 114.46 | OK | |
r-devel-linux-x86_64-fedora-clang | 1.9.0 | 249.02 | OK | |||
r-devel-linux-x86_64-fedora-gcc | 1.9.0 | 242.35 | OK | |||
r-devel-windows-x86_64 | 1.9.0 | 91.00 | 79.00 | 170.00 | OK | |
r-patched-linux-x86_64 | 1.9.0 | 97.12 | 47.37 | 144.49 | OK | |
r-release-linux-x86_64 | 1.9.0 | 93.53 | 47.66 | 141.19 | OK | |
r-release-macos-arm64 | 1.9.0 | 62.00 | NOTE | |||
r-release-macos-x86_64 | 1.9.0 | 101.00 | NOTE | |||
r-release-windows-x86_64 | 1.9.0 | 88.00 | 79.00 | 167.00 | OK | |
r-oldrel-macos-arm64 | 1.9.0 | 69.00 | NOTE | |||
r-oldrel-macos-x86_64 | 1.9.0 | 141.00 | NOTE | |||
r-oldrel-windows-x86_64 | 1.9.0 | 112.00 | 90.00 | 202.00 | OK |
Version: 1.9.0
Check: installed package size
Result: NOTE
installed size is 6.9Mb
sub-directories of 1Mb or more:
doc 1.1Mb
libs 5.5Mb
Flavors: r-release-macos-arm64, r-release-macos-x86_64, r-oldrel-macos-arm64, r-oldrel-macos-x86_64