Last updated on 2024-06-16 11:58:02 CEST.
Flavor | Version | Tinstall | Tcheck | Ttotal | Status | Flags |
---|---|---|---|---|---|---|
r-devel-linux-x86_64-debian-clang | 1.1.1 | 110.26 | 49.48 | 159.74 | OK | |
r-devel-linux-x86_64-debian-gcc | 1.1.1 | 66.32 | 36.96 | 103.28 | OK | |
r-devel-linux-x86_64-fedora-clang | 1.1.1 | 237.63 | OK | |||
r-devel-linux-x86_64-fedora-gcc | 1.1.1 | 241.37 | OK | |||
r-devel-windows-x86_64 | 1.1.1 | 80.00 | 76.00 | 156.00 | NOTE | |
r-patched-linux-x86_64 | 1.1.1 | 84.23 | 48.00 | 132.23 | OK | |
r-release-linux-x86_64 | 1.1.1 | 81.60 | 48.64 | 130.24 | OK | |
r-release-macos-arm64 | 1.1.1 | 50.00 | OK | |||
r-release-macos-x86_64 | 1.1.1 | 60.00 | OK | |||
r-release-windows-x86_64 | 1.1.1 | 81.00 | 78.00 | 159.00 | NOTE | |
r-oldrel-macos-arm64 | 1.1.1 | 57.00 | OK | |||
r-oldrel-macos-x86_64 | 1.1.1 | 98.00 | OK | |||
r-oldrel-windows-x86_64 | 1.1.1 | 98.00 | 88.00 | 186.00 | NOTE |
Version: 1.1.1
Check: C++ specification
Result: NOTE
Specified C++11: please drop specification unless essential
Flavors: r-devel-windows-x86_64, r-release-windows-x86_64, r-oldrel-windows-x86_64