Last updated on 2024-06-30 00:59:21 CEST.
Flavor | Version | Tinstall | Tcheck | Ttotal | Status | Flags |
---|---|---|---|---|---|---|
r-devel-linux-x86_64-debian-clang | 0.5.1 | 3.42 | 37.33 | 40.75 | OK | |
r-devel-linux-x86_64-debian-gcc | 0.5.1 | 3.25 | 27.71 | 30.96 | OK | |
r-devel-linux-x86_64-fedora-clang | 0.5.1 | 54.95 | NOTE | |||
r-devel-linux-x86_64-fedora-gcc | 0.5.1 | 52.03 | OK | |||
r-devel-windows-x86_64 | 0.5.1 | 5.00 | 54.00 | 59.00 | OK | |
r-patched-linux-x86_64 | 0.5.1 | 3.95 | 35.51 | 39.46 | OK | |
r-release-linux-x86_64 | 0.5.1 | 4.90 | 36.68 | 41.58 | OK | |
r-release-macos-arm64 | 0.5.1 | 20.00 | OK | |||
r-release-macos-x86_64 | 0.5.1 | 37.00 | OK | |||
r-release-windows-x86_64 | 0.5.1 | 5.00 | 56.00 | 61.00 | OK | |
r-oldrel-macos-arm64 | 0.5.1 | 20.00 | OK | |||
r-oldrel-macos-x86_64 | 0.5.1 | 30.00 | OK | |||
r-oldrel-windows-x86_64 | 0.5.1 | 5.00 | 60.00 | 65.00 | OK |
Version: 0.5.1
Check: Rd cross-references
Result: NOTE
Undeclared package ‘devtools’ in Rd xrefs
Flavor: r-devel-linux-x86_64-fedora-clang