Last updated on 2024-06-30 00:59:21 CEST.
Flavor | Version | Tinstall | Tcheck | Ttotal | Status | Flags |
---|---|---|---|---|---|---|
r-devel-linux-x86_64-debian-clang | 0.4.2 | 128.42 | 161.09 | 289.51 | OK | |
r-devel-linux-x86_64-debian-gcc | 0.4.2 | 91.34 | 106.12 | 197.46 | OK | |
r-devel-linux-x86_64-fedora-clang | 0.4.2 | 394.84 | OK | |||
r-devel-linux-x86_64-fedora-gcc | 0.4.2 | 395.74 | OK | |||
r-devel-windows-x86_64 | 0.4.2 | 105.00 | 170.00 | 275.00 | OK | |
r-patched-linux-x86_64 | 0.4.2 | 109.05 | 154.96 | 264.01 | OK | |
r-release-linux-x86_64 | 0.4.2 | 109.93 | 153.77 | 263.70 | OK | |
r-release-macos-arm64 | 0.4.2 | 78.00 | NOTE | |||
r-release-macos-x86_64 | 0.4.2 | 109.00 | NOTE | |||
r-release-windows-x86_64 | 0.4.2 | 106.00 | 167.00 | 273.00 | OK | |
r-oldrel-macos-arm64 | 0.4.2 | 106.00 | NOTE | |||
r-oldrel-macos-x86_64 | 0.4.2 | 164.00 | NOTE | |||
r-oldrel-windows-x86_64 | 0.4.2 | 126.00 | 200.00 | 326.00 | OK |
Version: 0.4.2
Check: installed package size
Result: NOTE
installed size is 5.4Mb
sub-directories of 1Mb or more:
libs 5.2Mb
Flavors: r-release-macos-arm64, r-release-macos-x86_64, r-oldrel-macos-arm64, r-oldrel-macos-x86_64