Last updated on 2024-06-30 00:59:21 CEST.
Flavor | Version | Tinstall | Tcheck | Ttotal | Status | Flags |
---|---|---|---|---|---|---|
r-devel-linux-x86_64-debian-clang | 0.1.1 | 2.66 | 30.98 | 33.64 | NOTE | |
r-devel-linux-x86_64-debian-gcc | 0.1.1 | 1.84 | 24.32 | 26.16 | NOTE | |
r-devel-linux-x86_64-fedora-clang | 0.1.1 | 43.37 | NOTE | |||
r-devel-linux-x86_64-fedora-gcc | 0.1.1 | 40.09 | NOTE | |||
r-devel-windows-x86_64 | 0.1.1 | 4.00 | 46.00 | 50.00 | NOTE | |
r-patched-linux-x86_64 | 0.1.1 | 3.60 | 30.42 | 34.02 | NOTE | |
r-release-linux-x86_64 | 0.1.1 | 2.68 | 30.27 | 32.95 | NOTE | |
r-release-macos-arm64 | 0.1.1 | 18.00 | NOTE | |||
r-release-macos-x86_64 | 0.1.1 | 23.00 | NOTE | |||
r-release-windows-x86_64 | 0.1.1 | 3.00 | 46.00 | 49.00 | NOTE | |
r-oldrel-macos-arm64 | 0.1.1 | 18.00 | NOTE | |||
r-oldrel-macos-x86_64 | 0.1.1 | 26.00 | NOTE | |||
r-oldrel-windows-x86_64 | 0.1.1 | 3.00 | 48.00 | 51.00 | NOTE |
Version: 0.1.1
Check: Rd files
Result: NOTE
checkRd: (-1) btsdemo.Rd:22: Escaped LaTeX specials: \_
checkRd: (-1) btsdemo.Rd:23: Escaped LaTeX specials: \_
checkRd: (-1) btsdemo.Rd:24: Escaped LaTeX specials: \_
checkRd: (-1) btsdemo.Rd:25: Escaped LaTeX specials: \_
checkRd: (-1) btsdemo.Rd:26: Escaped LaTeX specials: \_
checkRd: (-1) btsdemo.Rd:30: Escaped LaTeX specials: \_
Flavors: r-devel-linux-x86_64-debian-clang, r-devel-linux-x86_64-debian-gcc, r-devel-linux-x86_64-fedora-clang, r-devel-linux-x86_64-fedora-gcc, r-devel-windows-x86_64, r-patched-linux-x86_64, r-release-linux-x86_64, r-release-macos-arm64, r-release-macos-x86_64, r-release-windows-x86_64, r-oldrel-macos-arm64, r-oldrel-macos-x86_64, r-oldrel-windows-x86_64