Last updated on 2024-06-30 00:59:21 CEST.
Flavor | Version | Tinstall | Tcheck | Ttotal | Status | Flags |
---|---|---|---|---|---|---|
r-devel-linux-x86_64-debian-clang | 0.6.0 | 1209.10 | 508.32 | 1717.42 | OK | |
r-devel-linux-x86_64-debian-gcc | 0.6.0 | 1006.68 | 357.96 | 1364.64 | OK | |
r-devel-linux-x86_64-fedora-clang | 0.6.0 | 2380.70 | NOTE | |||
r-devel-linux-x86_64-fedora-gcc | 0.6.0 | 2211.79 | OK | |||
r-devel-windows-x86_64 | 0.6.0 | 928.00 | 478.00 | 1406.00 | NOTE | |
r-patched-linux-x86_64 | 0.6.0 | 1231.20 | 475.11 | 1706.31 | OK | |
r-release-linux-x86_64 | 0.6.0 | 1549.00 | 479.08 | 2028.08 | OK | |
r-release-macos-arm64 | 0.6.0 | 764.00 | NOTE | |||
r-release-macos-x86_64 | 0.6.0 | 1231.00 | NOTE | |||
r-release-windows-x86_64 | 0.6.0 | 980.00 | 477.00 | 1457.00 | NOTE | |
r-oldrel-macos-arm64 | 0.6.0 | 1453.00 | NOTE | |||
r-oldrel-macos-x86_64 | 0.6.0 | 1640.00 | NOTE | |||
r-oldrel-windows-x86_64 | 0.6.0 | 1594.00 | 551.00 | 2145.00 | NOTE |
Version: 0.6.0
Check: installed package size
Result: NOTE
installed size is 9.8Mb
sub-directories of 1Mb or more:
R 7.0Mb
help 2.6Mb
Flavors: r-devel-linux-x86_64-fedora-clang, r-devel-windows-x86_64, r-release-macos-arm64, r-release-macos-x86_64, r-release-windows-x86_64, r-oldrel-macos-arm64, r-oldrel-macos-x86_64, r-oldrel-windows-x86_64