Last updated on 2024-06-30 00:59:21 CEST.
Flavor | Version | Tinstall | Tcheck | Ttotal | Status | Flags |
---|---|---|---|---|---|---|
r-devel-linux-x86_64-debian-clang | 0.9.9 | 3.81 | 50.99 | 54.80 | OK | |
r-devel-linux-x86_64-debian-gcc | 0.9.9 | 3.06 | 40.08 | 43.14 | OK | |
r-devel-linux-x86_64-fedora-clang | 0.9.9 | 70.78 | NOTE | |||
r-devel-linux-x86_64-fedora-gcc | 0.9.9 | 82.64 | NOTE | |||
r-devel-windows-x86_64 | 0.9.9 | 5.00 | 72.00 | 77.00 | OK | |
r-patched-linux-x86_64 | 0.9.9 | 3.66 | 49.72 | 53.38 | OK | |
r-release-linux-x86_64 | 0.9.9 | 2.33 | 50.55 | 52.88 | OK | |
r-release-macos-arm64 | 0.9.9 | 41.00 | OK | |||
r-release-macos-x86_64 | 0.9.9 | 93.00 | OK | |||
r-release-windows-x86_64 | 0.9.9 | 6.00 | 71.00 | 77.00 | OK | |
r-oldrel-macos-arm64 | 0.9.9 | 42.00 | OK | |||
r-oldrel-macos-x86_64 | 0.9.9 | 65.00 | OK | |||
r-oldrel-windows-x86_64 | 0.9.9 | 7.00 | 77.00 | 84.00 | OK |
Version: 0.9.9
Check: data for non-ASCII characters
Result: NOTE
Note: found 11 marked UTF-8 strings
Flavors: r-devel-linux-x86_64-fedora-clang, r-devel-linux-x86_64-fedora-gcc