Last updated on 2024-06-16 11:58:03 CEST.
Flavor | Version | Tinstall | Tcheck | Ttotal | Status | Flags |
---|---|---|---|---|---|---|
r-devel-linux-x86_64-debian-clang | 0.2.29.1 | 61.39 | 414.49 | 475.88 | NOTE | |
r-devel-linux-x86_64-debian-gcc | 0.2.29.1 | 49.40 | 296.92 | 346.32 | NOTE | |
r-devel-linux-x86_64-fedora-clang | 0.2.29.1 | 610.46 | NOTE | |||
r-devel-linux-x86_64-fedora-gcc | 0.2.29.1 | 563.05 | NOTE | |||
r-devel-windows-x86_64 | 0.2.29.1 | 52.00 | 272.00 | 324.00 | NOTE | |
r-patched-linux-x86_64 | 0.2.29.1 | 67.51 | 406.34 | 473.85 | NOTE | |
r-release-linux-x86_64 | 0.2.29.1 | 40.73 | 400.53 | 441.26 | NOTE | |
r-release-macos-arm64 | 0.2.29.1 | 124.00 | NOTE | |||
r-release-macos-x86_64 | 0.2.29.1 | 330.00 | NOTE | |||
r-release-windows-x86_64 | 0.2.29.1 | 55.00 | 279.00 | 334.00 | NOTE | |
r-oldrel-macos-arm64 | 0.2.29.1 | 139.00 | OK | |||
r-oldrel-macos-x86_64 | 0.2.29.1 | 247.00 | OK | |||
r-oldrel-windows-x86_64 | 0.2.29.1 | 70.00 | 360.00 | 430.00 | OK |
Version: 0.2.29.1
Check: Rd files
Result: NOTE
checkRd: (-1) 5.1.pems.plots.Rd:212: Lost braces; missing escapes or markup?
212 | (Logical or character) For {WatsonPlot}, how to
| ^
checkRd: (-1) 5.1.pems.plots.Rd:221: Lost braces; missing escapes or markup?
221 | (numeric) For {WatsonPlot}, pre-set plot types:
| ^
checkRd: (-1) 6.2.check.functions.Rd:189: Lost braces
189 | If a parent function is identified as \code{fun.name} and the check case (code{input},
| ^
checkRd: (-1) 7.1.vsp.code.Rd:89: Lost braces
89 | code{\link{common.calculations}} for further details.
| ^
checkRd: (-1) 7.2.emissions.code.Rd:90: Lost braces
90 | emissions calculation methods. It accepts an input code{conc} which it checks and passes
| ^
checkRd: (-1) 8.1.tidyverse.tools.Rd:139: Lost braces
139 | (\code{pems}, code{data.frame}, etc) to
| ^
Flavors: r-devel-linux-x86_64-debian-clang, r-devel-linux-x86_64-debian-gcc, r-devel-linux-x86_64-fedora-clang, r-devel-linux-x86_64-fedora-gcc, r-devel-windows-x86_64, r-patched-linux-x86_64, r-release-linux-x86_64, r-release-macos-arm64, r-release-macos-x86_64, r-release-windows-x86_64