Last updated on 2024-06-30 00:59:21 CEST.
Flavor | Version | Tinstall | Tcheck | Ttotal | Status | Flags |
---|---|---|---|---|---|---|
r-devel-linux-x86_64-debian-clang | 1.2.9 | 16.17 | 145.39 | 161.56 | NOTE | |
r-devel-linux-x86_64-debian-gcc | 1.2.9 | 10.97 | 108.96 | 119.93 | NOTE | |
r-devel-linux-x86_64-fedora-clang | 1.2.9 | 210.74 | NOTE | |||
r-devel-linux-x86_64-fedora-gcc | 1.2.9 | 193.81 | NOTE | |||
r-devel-windows-x86_64 | 1.2.9 | 12.00 | 116.00 | 128.00 | NOTE | |
r-patched-linux-x86_64 | 1.2.9 | 9.17 | 144.69 | 153.86 | NOTE | |
r-release-linux-x86_64 | 1.2.9 | 9.62 | 146.23 | 155.85 | NOTE | |
r-release-macos-arm64 | 1.2.9 | 49.00 | NOTE | |||
r-release-macos-x86_64 | 1.2.9 | 78.00 | NOTE | |||
r-release-windows-x86_64 | 1.2.9 | 13.00 | 116.00 | 129.00 | NOTE | |
r-oldrel-macos-arm64 | 1.2.9 | 55.00 | OK | |||
r-oldrel-macos-x86_64 | 1.2.9 | 86.00 | OK | |||
r-oldrel-windows-x86_64 | 1.2.9 | 17.00 | 142.00 | 159.00 | OK |
Version: 1.2.9
Check: Rd files
Result: NOTE
checkRd: (-1) rosePlotsAct.Rd:19: Lost braces; missing escapes or markup?
19 | A \code{plotly} {htmlwidget} with rose plots for locomotor activity.
| ^
checkRd: (-1) rosePlotsSleep.Rd:19: Lost braces; missing escapes or markup?
19 | #' @return A \code{plotly} {htmlwidget} with rose plots for sleep data.
| ^
Flavors: r-devel-linux-x86_64-debian-clang, r-devel-linux-x86_64-debian-gcc, r-devel-linux-x86_64-fedora-clang, r-devel-linux-x86_64-fedora-gcc, r-devel-windows-x86_64, r-patched-linux-x86_64, r-release-linux-x86_64, r-release-macos-arm64, r-release-macos-x86_64, r-release-windows-x86_64