Last updated on 2024-06-16 11:58:03 CEST.
Flavor | Version | Tinstall | Tcheck | Ttotal | Status | Flags |
---|---|---|---|---|---|---|
r-devel-linux-x86_64-debian-clang | 0.1 | 2.26 | 19.94 | 22.20 | OK | |
r-devel-linux-x86_64-debian-gcc | 0.1 | 1.89 | 15.54 | 17.43 | OK | |
r-devel-linux-x86_64-fedora-clang | 0.1 | 28.79 | NOTE | |||
r-devel-linux-x86_64-fedora-gcc | 0.1 | 26.68 | NOTE | |||
r-devel-windows-x86_64 | 0.1 | 4.00 | 37.00 | 41.00 | OK | |
r-patched-linux-x86_64 | 0.1 | 1.43 | 19.25 | 20.68 | OK | |
r-release-linux-x86_64 | 0.1 | 1.48 | 18.84 | 20.32 | OK | |
r-release-macos-arm64 | 0.1 | 14.00 | OK | |||
r-release-macos-x86_64 | 0.1 | 18.00 | OK | |||
r-release-windows-x86_64 | 0.1 | 4.00 | 39.00 | 43.00 | OK | |
r-oldrel-macos-arm64 | 0.1 | 16.00 | OK | |||
r-oldrel-macos-x86_64 | 0.1 | 21.00 | OK | |||
r-oldrel-windows-x86_64 | 0.1 | 4.00 | 38.00 | 42.00 | OK |
Version: 0.1
Check: dependencies in R code
Result: NOTE
Namespaces in Imports field not imported from:
‘tidyverse’ ‘usethis’
All declared Imports should be used.
Flavors: r-devel-linux-x86_64-fedora-clang, r-devel-linux-x86_64-fedora-gcc