Last updated on 2024-06-30 00:59:21 CEST.
Flavor | Version | Tinstall | Tcheck | Ttotal | Status | Flags |
---|---|---|---|---|---|---|
r-devel-linux-x86_64-debian-clang | 2.0.1 | 3.57 | 48.03 | 51.60 | OK | |
r-devel-linux-x86_64-debian-gcc | 2.0.1 | 2.83 | 36.35 | 39.18 | OK | |
r-devel-linux-x86_64-fedora-clang | 2.0.1 | 65.10 | NOTE | |||
r-devel-linux-x86_64-fedora-gcc | 2.0.1 | 74.04 | OK | |||
r-devel-windows-x86_64 | 2.0.1 | 3.00 | 69.00 | 72.00 | OK | |
r-patched-linux-x86_64 | 2.0.1 | 4.38 | 46.46 | 50.84 | OK | |
r-release-linux-x86_64 | 2.0.1 | 2.95 | 46.67 | 49.62 | OK | |
r-release-macos-arm64 | 2.0.1 | 28.00 | OK | |||
r-release-macos-x86_64 | 2.0.1 | 52.00 | OK | |||
r-release-windows-x86_64 | 2.0.1 | 4.00 | 68.00 | 72.00 | OK | |
r-oldrel-macos-arm64 | 2.0.1 | 32.00 | OK | |||
r-oldrel-macos-x86_64 | 2.0.1 | 47.00 | OK | |||
r-oldrel-windows-x86_64 | 2.0.1 | 4.00 | 70.00 | 74.00 | OK |
Version: 2.0.1
Check: Rd cross-references
Result: NOTE
Undeclared package ‘scape’ in Rd xrefs
Flavor: r-devel-linux-x86_64-fedora-clang