Last updated on 2024-06-30 00:59:21 CEST.
Flavor | Version | Tinstall | Tcheck | Ttotal | Status | Flags |
---|---|---|---|---|---|---|
r-devel-linux-x86_64-debian-clang | 4.10.4 | 22.69 | 256.81 | 279.50 | OK | |
r-devel-linux-x86_64-debian-gcc | 4.10.4 | 15.75 | 186.83 | 202.58 | OK | |
r-devel-linux-x86_64-fedora-clang | 4.10.4 | 332.21 | NOTE | |||
r-devel-linux-x86_64-fedora-gcc | 4.10.4 | 331.18 | OK | |||
r-devel-windows-x86_64 | 4.10.4 | 20.00 | 190.00 | 210.00 | NOTE | |
r-patched-linux-x86_64 | 4.10.4 | 19.18 | 243.00 | 262.18 | OK | |
r-release-linux-x86_64 | 4.10.4 | 19.13 | 247.63 | 266.76 | OK | |
r-release-macos-arm64 | 4.10.4 | 97.00 | NOTE | |||
r-release-macos-x86_64 | 4.10.4 | 149.00 | NOTE | |||
r-release-windows-x86_64 | 4.10.4 | 21.00 | 186.00 | 207.00 | NOTE | |
r-oldrel-macos-arm64 | 4.10.4 | 95.00 | NOTE | |||
r-oldrel-macos-x86_64 | 4.10.4 | 198.00 | NOTE | |||
r-oldrel-windows-x86_64 | 4.10.4 | 24.00 | 237.00 | 261.00 | NOTE |
Version: 4.10.4
Check: installed package size
Result: NOTE
installed size is 7.2Mb
sub-directories of 1Mb or more:
htmlwidgets 4.0Mb
Flavors: r-devel-linux-x86_64-fedora-clang, r-devel-windows-x86_64, r-release-macos-arm64, r-release-macos-x86_64, r-release-windows-x86_64, r-oldrel-macos-arm64, r-oldrel-macos-x86_64, r-oldrel-windows-x86_64