Last updated on 2024-06-30 00:59:21 CEST.
Flavor | Version | Tinstall | Tcheck | Ttotal | Status | Flags |
---|---|---|---|---|---|---|
r-devel-linux-x86_64-debian-clang | 2.4.5 | 129.50 | 261.31 | 390.81 | NOTE | |
r-devel-linux-x86_64-debian-gcc | 2.4.5 | 87.84 | 179.69 | 267.53 | NOTE | |
r-devel-linux-x86_64-fedora-clang | 2.4.5 | 498.76 | NOTE | |||
r-devel-linux-x86_64-fedora-gcc | 2.4.5 | 522.77 | NOTE | |||
r-devel-windows-x86_64 | 2.4.5 | 102.00 | 240.00 | 342.00 | NOTE | |
r-patched-linux-x86_64 | 2.4.5 | 117.91 | 246.13 | 364.04 | NOTE | |
r-release-linux-x86_64 | 2.4.5 | 76.68 | 243.32 | 320.00 | NOTE | |
r-release-macos-arm64 | 2.4.5 | 111.00 | NOTE | |||
r-release-macos-x86_64 | 2.4.5 | 156.00 | NOTE | |||
r-release-windows-x86_64 | 2.4.5 | 103.00 | 245.00 | 348.00 | NOTE | |
r-oldrel-macos-arm64 | 2.4.5 | 114.00 | NOTE | |||
r-oldrel-macos-x86_64 | 2.4.5 | 253.00 | NOTE | |||
r-oldrel-windows-x86_64 | 2.4.5 | 123.00 | 303.00 | 426.00 | NOTE |
Version: 2.4.5
Check: package dependencies
Result: NOTE
Package suggested but not available for checking: ‘pmartRdata’
Flavors: r-devel-linux-x86_64-debian-clang, r-devel-linux-x86_64-debian-gcc, r-devel-linux-x86_64-fedora-clang, r-devel-linux-x86_64-fedora-gcc, r-devel-windows-x86_64, r-patched-linux-x86_64, r-release-linux-x86_64, r-release-macos-arm64, r-release-macos-x86_64, r-release-windows-x86_64, r-oldrel-macos-arm64, r-oldrel-macos-x86_64, r-oldrel-windows-x86_64
Version: 2.4.5
Check: installed package size
Result: NOTE
installed size is 7.5Mb
sub-directories of 1Mb or more:
libs 5.0Mb
Flavors: r-release-macos-arm64, r-release-macos-x86_64, r-oldrel-macos-arm64, r-oldrel-macos-x86_64