Last updated on 2024-06-30 00:59:22 CEST.
Flavor | Version | Tinstall | Tcheck | Ttotal | Status | Flags |
---|---|---|---|---|---|---|
r-devel-linux-x86_64-debian-clang | 1.0.1 | 34.00 | 196.58 | 230.58 | NOTE | |
r-devel-linux-x86_64-debian-gcc | 1.0.1 | 29.65 | 144.49 | 174.14 | NOTE | |
r-devel-linux-x86_64-fedora-clang | 1.0.1 | 300.60 | NOTE | |||
r-devel-linux-x86_64-fedora-gcc | 1.0.1 | 279.89 | NOTE | |||
r-devel-windows-x86_64 | 1.0.1 | 22.00 | 139.00 | 161.00 | NOTE | |
r-patched-linux-x86_64 | 1.0.1 | 24.88 | 189.17 | 214.05 | NOTE | |
r-release-linux-x86_64 | 1.0.1 | 25.27 | 192.93 | 218.20 | NOTE | |
r-release-macos-arm64 | 1.0.1 | 70.00 | NOTE | |||
r-release-macos-x86_64 | 1.0.1 | 102.00 | NOTE | |||
r-release-windows-x86_64 | 1.0.1 | 21.00 | 140.00 | 161.00 | NOTE | |
r-oldrel-macos-arm64 | 1.0.1 | 73.00 | NOTE | |||
r-oldrel-macos-x86_64 | 1.0.1 | 124.00 | NOTE | |||
r-oldrel-windows-x86_64 | 1.0.1 | 28.00 | 174.00 | 202.00 | NOTE |
Version: 1.0.1
Check: package dependencies
Result: NOTE
Package suggested but not available for checking: ‘pollimetrydata’
Flavors: r-devel-linux-x86_64-debian-clang, r-devel-linux-x86_64-debian-gcc, r-devel-linux-x86_64-fedora-clang, r-devel-linux-x86_64-fedora-gcc, r-devel-windows-x86_64, r-patched-linux-x86_64, r-release-linux-x86_64, r-release-macos-arm64, r-release-macos-x86_64, r-release-windows-x86_64, r-oldrel-macos-arm64, r-oldrel-macos-x86_64, r-oldrel-windows-x86_64