Last updated on 2024-06-30 00:59:22 CEST.
Flavor | Version | Tinstall | Tcheck | Ttotal | Status | Flags |
---|---|---|---|---|---|---|
r-devel-linux-x86_64-debian-clang | 0.1-11 | 27.19 | 279.13 | 306.32 | OK | |
r-devel-linux-x86_64-debian-gcc | 0.1-11 | 27.20 | 193.16 | 220.36 | OK | |
r-devel-linux-x86_64-fedora-clang | 0.1-11 | 373.03 | NOTE | |||
r-devel-linux-x86_64-fedora-gcc | 0.1-11 | 355.10 | OK | |||
r-devel-windows-x86_64 | 0.1-11 | 28.00 | 167.00 | 195.00 | OK | |
r-patched-linux-x86_64 | 0.1-11 | 39.46 | 258.07 | 297.53 | OK | |
r-release-linux-x86_64 | 0.1-11 | 32.05 | 251.03 | 283.08 | OK | |
r-release-macos-arm64 | 0.1-11 | 87.00 | NOTE | |||
r-release-macos-x86_64 | 0.1-11 | 150.00 | NOTE | |||
r-release-windows-x86_64 | 0.1-11 | 27.00 | 170.00 | 197.00 | OK | |
r-oldrel-macos-arm64 | 0.1-11 | 88.00 | OK | |||
r-oldrel-macos-x86_64 | 0.1-11 | 284.00 | NOTE | |||
r-oldrel-windows-x86_64 | 0.1-11 | 38.00 | 212.00 | 250.00 | OK |
Version: 0.1-11
Check: installed package size
Result: NOTE
installed size is 5.0Mb
sub-directories of 1Mb or more:
R 3.6Mb
Flavors: r-devel-linux-x86_64-fedora-clang, r-release-macos-arm64, r-release-macos-x86_64, r-oldrel-macos-x86_64
Version: 0.1-11
Check: Rd cross-references
Result: NOTE
Undeclared package ‘raster’ in Rd xrefs
Flavor: r-devel-linux-x86_64-fedora-clang