Last updated on 2024-06-30 00:59:22 CEST.
Flavor | Version | Tinstall | Tcheck | Ttotal | Status | Flags |
---|---|---|---|---|---|---|
r-devel-linux-x86_64-debian-clang | 0.2.4 | 46.46 | 468.59 | 515.05 | OK | |
r-devel-linux-x86_64-debian-gcc | 0.2.4 | 41.57 | 331.89 | 373.46 | OK | |
r-devel-linux-x86_64-fedora-clang | 0.2.4 | 627.11 | NOTE | |||
r-devel-linux-x86_64-fedora-gcc | 0.2.4 | 597.70 | OK | |||
r-devel-windows-x86_64 | 0.2.4 | 39.00 | 283.00 | 322.00 | NOTE | |
r-patched-linux-x86_64 | 0.2.4 | 43.31 | 442.84 | 486.15 | OK | |
r-release-linux-x86_64 | 0.2.4 | 32.24 | 438.23 | 470.47 | OK | |
r-release-macos-arm64 | 0.2.4 | 136.00 | NOTE | |||
r-release-macos-x86_64 | 0.2.4 | 266.00 | NOTE | |||
r-release-windows-x86_64 | 0.2.4 | 39.00 | 279.00 | 318.00 | NOTE | |
r-oldrel-macos-arm64 | 0.2.4 | 150.00 | NOTE | |||
r-oldrel-macos-x86_64 | 0.2.4 | 311.00 | NOTE | |||
r-oldrel-windows-x86_64 | 0.2.4 | 52.00 | 379.00 | 431.00 | NOTE |
Version: 0.2.4
Check: installed package size
Result: NOTE
installed size is 10.1Mb
sub-directories of 1Mb or more:
extdata 9.7Mb
Flavors: r-devel-linux-x86_64-fedora-clang, r-devel-windows-x86_64, r-release-macos-arm64, r-release-macos-x86_64, r-release-windows-x86_64, r-oldrel-macos-arm64, r-oldrel-macos-x86_64, r-oldrel-windows-x86_64