Last updated on 2024-06-30 00:59:22 CEST.
Flavor | Version | Tinstall | Tcheck | Ttotal | Status | Flags |
---|---|---|---|---|---|---|
r-devel-linux-x86_64-debian-clang | 2.2-3 | 3.54 | 32.28 | 35.82 | NOTE | |
r-devel-linux-x86_64-debian-gcc | 2.2-3 | 2.87 | 23.69 | 26.56 | NOTE | |
r-devel-linux-x86_64-fedora-clang | 2.2-3 | 44.42 | NOTE | |||
r-devel-linux-x86_64-fedora-gcc | 2.2-3 | 41.65 | NOTE | |||
r-devel-windows-x86_64 | 2.2-3 | 4.00 | 49.00 | 53.00 | OK | |
r-patched-linux-x86_64 | 2.2-3 | 3.90 | 30.46 | 34.36 | NOTE | |
r-release-linux-x86_64 | 2.2-3 | 3.98 | 30.70 | 34.68 | NOTE | |
r-release-macos-arm64 | 2.2-3 | 16.00 | OK | |||
r-release-macos-x86_64 | 2.2-3 | 25.00 | OK | |||
r-release-windows-x86_64 | 2.2-3 | 4.00 | 49.00 | 53.00 | OK | |
r-oldrel-macos-arm64 | 2.2-3 | 18.00 | OK | |||
r-oldrel-macos-x86_64 | 2.2-3 | 23.00 | OK | |||
r-oldrel-windows-x86_64 | 2.2-3 | 7.00 | 52.00 | 59.00 | OK |
Version: 2.2-3
Check: for non-standard things in the check directory
Result: NOTE
Found the following files/directories:
‘hista.png’ ‘plotcd.png’ ‘test.R’ ‘test.html’ ‘testR2html.R’
‘testglm.csv’ ‘testglm.html’ ‘testglm.tab’
Flavors: r-devel-linux-x86_64-debian-clang, r-devel-linux-x86_64-debian-gcc, r-devel-linux-x86_64-fedora-clang, r-devel-linux-x86_64-fedora-gcc, r-patched-linux-x86_64, r-release-linux-x86_64