Last updated on 2024-06-30 00:59:22 CEST.
Flavor | Version | Tinstall | Tcheck | Ttotal | Status | Flags |
---|---|---|---|---|---|---|
r-devel-linux-x86_64-debian-clang | 1.0.1 | 5.56 | 49.75 | 55.31 | OK | |
r-devel-linux-x86_64-debian-gcc | 1.0.1 | 4.51 | 37.99 | 42.50 | OK | |
r-devel-linux-x86_64-fedora-clang | 1.0.1 | 71.78 | NOTE | |||
r-devel-linux-x86_64-fedora-gcc | 1.0.1 | 65.76 | NOTE | |||
r-devel-windows-x86_64 | 1.0.1 | 6.00 | 64.00 | 70.00 | OK | |
r-patched-linux-x86_64 | 1.0.1 | 4.88 | 48.12 | 53.00 | OK | |
r-release-linux-x86_64 | 1.0.1 | 3.73 | 48.79 | 52.52 | OK | |
r-release-macos-arm64 | 1.0.1 | 25.00 | OK | |||
r-release-macos-x86_64 | 1.0.1 | 35.00 | OK | |||
r-release-windows-x86_64 | 1.0.1 | 7.00 | 62.00 | 69.00 | OK | |
r-oldrel-macos-arm64 | 1.0.1 | 31.00 | OK | |||
r-oldrel-macos-x86_64 | 1.0.1 | 47.00 | OK | |||
r-oldrel-windows-x86_64 | 1.0.1 | 8.00 | 68.00 | 76.00 | OK |
Version: 1.0.1
Check: data for non-ASCII characters
Result: NOTE
Note: found 165 marked UTF-8 strings
Flavors: r-devel-linux-x86_64-fedora-clang, r-devel-linux-x86_64-fedora-gcc