Last updated on 2024-06-30 00:59:22 CEST.
Flavor | Version | Tinstall | Tcheck | Ttotal | Status | Flags |
---|---|---|---|---|---|---|
r-devel-linux-x86_64-debian-clang | 2.8.0 | 49.69 | 392.29 | 441.98 | NOTE | |
r-devel-linux-x86_64-debian-gcc | 2.8.0 | 35.75 | 277.31 | 313.06 | NOTE | |
r-devel-linux-x86_64-fedora-clang | 2.8.0 | 616.66 | NOTE | |||
r-devel-linux-x86_64-fedora-gcc | 2.8.0 | 445.58 | NOTE | |||
r-devel-windows-x86_64 | 2.8.0 | 46.00 | 293.00 | 339.00 | NOTE | |
r-patched-linux-x86_64 | 2.8.0 | 44.45 | 376.54 | 420.99 | NOTE | |
r-release-linux-x86_64 | 2.8.0 | 49.60 | 382.42 | 432.02 | NOTE | |
r-release-macos-arm64 | 2.8.0 | 130.00 | NOTE | |||
r-release-macos-x86_64 | 2.8.0 | 266.00 | NOTE | |||
r-release-windows-x86_64 | 2.8.0 | 44.00 | 296.00 | 340.00 | NOTE | |
r-oldrel-macos-arm64 | 2.8.0 | 133.00 | NOTE | |||
r-oldrel-macos-x86_64 | 2.8.0 | 295.00 | NOTE | |||
r-oldrel-windows-x86_64 | 2.8.0 | 54.00 | 395.00 | 449.00 | NOTE |
Version: 2.8.0
Check: package dependencies
Result: NOTE
Package suggested but not available for checking: ‘cmdstanr’
Flavors: r-devel-linux-x86_64-debian-clang, r-devel-linux-x86_64-debian-gcc, r-devel-linux-x86_64-fedora-clang, r-devel-linux-x86_64-fedora-gcc, r-patched-linux-x86_64, r-release-linux-x86_64, r-release-macos-arm64, r-release-macos-x86_64, r-oldrel-macos-arm64, r-oldrel-macos-x86_64
Version: 2.8.0
Check: package dependencies
Result: NOTE
Packages suggested but not available for checking: 'unix', 'cmdstanr'
Flavors: r-devel-windows-x86_64, r-release-windows-x86_64, r-oldrel-windows-x86_64
Version: 2.8.0
Check: installed package size
Result: NOTE
installed size is 5.0Mb
sub-directories of 1Mb or more:
doc 1.4Mb
libs 2.6Mb
Flavor: r-oldrel-macos-x86_64