Last updated on 2024-06-30 00:59:22 CEST.
Flavor | Version | Tinstall | Tcheck | Ttotal | Status | Flags |
---|---|---|---|---|---|---|
r-devel-linux-x86_64-debian-clang | 0.3.1 | 71.28 | 152.06 | 223.34 | NOTE | |
r-devel-linux-x86_64-debian-gcc | 0.3.1 | 63.51 | 106.89 | 170.40 | NOTE | |
r-devel-linux-x86_64-fedora-clang | 0.3.1 | 298.74 | NOTE | |||
r-devel-linux-x86_64-fedora-gcc | 0.3.1 | 337.45 | NOTE | |||
r-devel-windows-x86_64 | 0.3.1 | 66.00 | 150.00 | 216.00 | NOTE | |
r-patched-linux-x86_64 | 0.3.1 | 78.45 | 141.81 | 220.26 | NOTE | |
r-release-linux-x86_64 | 0.3.1 | 55.52 | 143.80 | 199.32 | NOTE | |
r-release-macos-arm64 | 0.3.1 | 59.00 | NOTE | |||
r-release-macos-x86_64 | 0.3.1 | 80.00 | NOTE | |||
r-release-windows-x86_64 | 0.3.1 | 67.00 | 152.00 | 219.00 | NOTE | |
r-oldrel-macos-arm64 | 0.3.1 | 70.00 | NOTE | |||
r-oldrel-macos-x86_64 | 0.3.1 | 120.00 | NOTE | |||
r-oldrel-windows-x86_64 | 0.3.1 | 81.00 | 183.00 | 264.00 | NOTE |
Version: 0.3.1
Check: C++ specification
Result: NOTE
Specified C++11: please drop specification unless essential
Flavors: r-devel-linux-x86_64-debian-clang, r-devel-linux-x86_64-debian-gcc, r-devel-linux-x86_64-fedora-clang, r-devel-linux-x86_64-fedora-gcc, r-devel-windows-x86_64, r-patched-linux-x86_64, r-release-linux-x86_64, r-release-macos-arm64, r-release-macos-x86_64, r-release-windows-x86_64, r-oldrel-macos-arm64, r-oldrel-macos-x86_64, r-oldrel-windows-x86_64
Version: 0.3.1
Check: installed package size
Result: NOTE
installed size is 11.1Mb
sub-directories of 1Mb or more:
libs 10.4Mb
Flavors: r-release-macos-arm64, r-release-macos-x86_64, r-oldrel-macos-arm64, r-oldrel-macos-x86_64