Last updated on 2024-06-30 00:59:22 CEST.
Flavor | Version | Tinstall | Tcheck | Ttotal | Status | Flags |
---|---|---|---|---|---|---|
r-devel-linux-x86_64-debian-clang | 0.0.3 | 2.48 | 20.69 | 23.17 | OK | |
r-devel-linux-x86_64-debian-gcc | 0.0.3 | 2.30 | 16.19 | 18.49 | OK | |
r-devel-linux-x86_64-fedora-clang | 0.0.3 | 30.34 | NOTE | |||
r-devel-linux-x86_64-fedora-gcc | 0.0.3 | 27.93 | NOTE | |||
r-devel-windows-x86_64 | 0.0.3 | 3.00 | 34.00 | 37.00 | OK | |
r-patched-linux-x86_64 | 0.0.3 | 2.68 | 20.33 | 23.01 | OK | |
r-release-linux-x86_64 | 0.0.3 | 2.45 | 20.14 | 22.59 | OK | |
r-release-macos-arm64 | 0.0.3 | 16.00 | OK | |||
r-release-macos-x86_64 | 0.0.3 | 21.00 | OK | |||
r-release-windows-x86_64 | 0.0.3 | 3.00 | 34.00 | 37.00 | OK | |
r-oldrel-macos-arm64 | 0.0.3 | 15.00 | OK | |||
r-oldrel-macos-x86_64 | 0.0.3 | 21.00 | OK | |||
r-oldrel-windows-x86_64 | 0.0.3 | 3.00 | 34.00 | 37.00 | OK |
Version: 0.0.3
Check: data for non-ASCII characters
Result: NOTE
Note: found 28898 marked UTF-8 strings
Flavors: r-devel-linux-x86_64-fedora-clang, r-devel-linux-x86_64-fedora-gcc