Last updated on 2024-06-30 00:59:22 CEST.
Flavor | Version | Tinstall | Tcheck | Ttotal | Status | Flags |
---|---|---|---|---|---|---|
r-devel-linux-x86_64-debian-clang | 0.1.0 | 5.15 | 31.13 | 36.28 | NOTE | |
r-devel-linux-x86_64-debian-gcc | 0.1.0 | 3.21 | 23.36 | 26.57 | NOTE | |
r-devel-linux-x86_64-fedora-clang | 0.1.0 | 48.11 | NOTE | |||
r-devel-linux-x86_64-fedora-gcc | 0.1.0 | 59.99 | NOTE | |||
r-devel-windows-x86_64 | 0.1.0 | 6.00 | 48.00 | 54.00 | NOTE | |
r-patched-linux-x86_64 | 0.1.0 | 3.93 | 29.29 | 33.22 | NOTE | |
r-release-linux-x86_64 | 0.1.0 | 4.17 | 29.09 | 33.26 | NOTE | |
r-release-macos-arm64 | 0.1.0 | 25.00 | NOTE | |||
r-release-macos-x86_64 | 0.1.0 | 36.00 | NOTE | |||
r-release-windows-x86_64 | 0.1.0 | 5.00 | 47.00 | 52.00 | NOTE | |
r-oldrel-macos-arm64 | 0.1.0 | 24.00 | NOTE | |||
r-oldrel-macos-x86_64 | 0.1.0 | 36.00 | NOTE | |||
r-oldrel-windows-x86_64 | 0.1.0 | 6.00 | 50.00 | 56.00 | NOTE |
Version: 0.1.0
Check: LazyData
Result: NOTE
'LazyData' is specified without a 'data' directory
Flavors: r-devel-linux-x86_64-debian-clang, r-devel-linux-x86_64-debian-gcc, r-devel-linux-x86_64-fedora-clang, r-devel-linux-x86_64-fedora-gcc, r-devel-windows-x86_64, r-patched-linux-x86_64, r-release-linux-x86_64, r-release-macos-arm64, r-release-macos-x86_64, r-release-windows-x86_64, r-oldrel-macos-arm64, r-oldrel-macos-x86_64, r-oldrel-windows-x86_64
Version: 0.1.0
Check: dependencies in R code
Result: NOTE
Namespace in Imports field not imported from: ‘knitr’
All declared Imports should be used.
Flavors: r-devel-linux-x86_64-fedora-clang, r-devel-linux-x86_64-fedora-gcc