Last updated on 2024-06-30 00:59:22 CEST.
Flavor | Version | Tinstall | Tcheck | Ttotal | Status | Flags |
---|---|---|---|---|---|---|
r-devel-linux-x86_64-debian-clang | 0.3 | 5.84 | 66.61 | 72.45 | OK | |
r-devel-linux-x86_64-debian-gcc | 0.3 | 4.32 | 49.63 | 53.95 | OK | |
r-devel-linux-x86_64-fedora-clang | 0.3 | 95.58 | NOTE | |||
r-devel-linux-x86_64-fedora-gcc | 0.3 | 99.20 | NOTE | |||
r-devel-windows-x86_64 | 0.3 | 8.00 | 72.00 | 80.00 | OK | |
r-patched-linux-x86_64 | 0.3 | 6.65 | 63.46 | 70.11 | OK | |
r-release-linux-x86_64 | 0.3 | 5.05 | 64.53 | 69.58 | OK | |
r-release-macos-arm64 | 0.3 | 40.00 | OK | |||
r-release-macos-x86_64 | 0.3 | 97.00 | OK | |||
r-release-windows-x86_64 | 0.3 | 7.00 | 73.00 | 80.00 | OK | |
r-oldrel-macos-arm64 | 0.3 | 44.00 | OK | |||
r-oldrel-macos-x86_64 | 0.3 | 77.00 | OK | |||
r-oldrel-windows-x86_64 | 0.3 | 8.00 | 83.00 | 91.00 | OK |
Version: 0.3
Check: data for non-ASCII characters
Result: NOTE
Note: found 1459 marked UTF-8 strings
Flavors: r-devel-linux-x86_64-fedora-clang, r-devel-linux-x86_64-fedora-gcc