Last updated on 2024-06-30 00:59:22 CEST.
Flavor | Version | Tinstall | Tcheck | Ttotal | Status | Flags |
---|---|---|---|---|---|---|
r-devel-linux-x86_64-debian-clang | 0.0.11 | 187.13 | 30.78 | 217.91 | OK | |
r-devel-linux-x86_64-debian-gcc | 0.0.11 | 133.78 | 23.44 | 157.22 | OK | |
r-devel-linux-x86_64-fedora-clang | 0.0.11 | 385.17 | OK | |||
r-devel-linux-x86_64-fedora-gcc | 0.0.11 | 338.55 | OK | |||
r-devel-windows-x86_64 | 0.0.11 | 191.00 | 74.00 | 265.00 | OK | |
r-patched-linux-x86_64 | 0.0.11 | 164.41 | 28.73 | 193.14 | OK | |
r-release-linux-x86_64 | 0.0.11 | 170.92 | 29.62 | 200.54 | OK | |
r-release-macos-arm64 | 0.0.11 | 63.00 | NOTE | |||
r-release-macos-x86_64 | 0.0.11 | 56.00 | NOTE | |||
r-release-windows-x86_64 | 0.0.11 | 175.00 | 66.00 | 241.00 | OK | |
r-oldrel-macos-arm64 | 0.0.11 | 65.00 | NOTE | |||
r-oldrel-macos-x86_64 | 0.0.11 | 67.00 | NOTE | |||
r-oldrel-windows-x86_64 | 0.0.11 | 194.00 | 88.00 | 282.00 | OK |
Version: 0.0.11
Check: installed package size
Result: NOTE
installed size is 7.6Mb
sub-directories of 1Mb or more:
libs 7.4Mb
Flavors: r-release-macos-arm64, r-release-macos-x86_64, r-oldrel-macos-arm64, r-oldrel-macos-x86_64