Last updated on 2024-06-30 00:59:22 CEST.
Flavor | Version | Tinstall | Tcheck | Ttotal | Status | Flags |
---|---|---|---|---|---|---|
r-devel-linux-x86_64-debian-clang | 1.4-1 | 20.00 | 161.93 | 181.93 | OK | |
r-devel-linux-x86_64-debian-gcc | 1.4-1 | 14.86 | 117.72 | 132.58 | OK | |
r-devel-linux-x86_64-fedora-clang | 1.4-1 | 229.96 | NOTE | |||
r-devel-linux-x86_64-fedora-gcc | 1.4-1 | 214.28 | OK | |||
r-devel-windows-x86_64 | 1.4-1 | 25.00 | 144.00 | 169.00 | OK | |
r-patched-linux-x86_64 | 1.4-1 | 23.44 | 157.83 | 181.27 | OK | |
r-release-linux-x86_64 | 1.4-1 | 17.51 | 154.38 | 171.89 | OK | |
r-release-macos-arm64 | 1.4-1 | 57.00 | NOTE | |||
r-release-macos-x86_64 | 1.4-1 | 93.00 | NOTE | |||
r-release-windows-x86_64 | 1.4-1 | 22.00 | 147.00 | 169.00 | OK | |
r-oldrel-macos-arm64 | 1.4-1 | 66.00 | NOTE | |||
r-oldrel-macos-x86_64 | 1.4-1 | 121.00 | NOTE | |||
r-oldrel-windows-x86_64 | 1.4-1 | 29.00 | 175.00 | 204.00 | OK |
Version: 1.4-1
Check: installed package size
Result: NOTE
installed size is 5.0Mb
sub-directories of 1Mb or more:
data 3.7Mb
Flavors: r-devel-linux-x86_64-fedora-clang, r-release-macos-arm64, r-release-macos-x86_64, r-oldrel-macos-arm64, r-oldrel-macos-x86_64