Last updated on 2024-06-30 00:59:22 CEST.
Flavor | Version | Tinstall | Tcheck | Ttotal | Status | Flags |
---|---|---|---|---|---|---|
r-devel-linux-x86_64-debian-clang | 4.0.2 | 346.14 | 341.70 | 687.84 | OK | |
r-devel-linux-x86_64-debian-gcc | 4.0.2 | 257.02 | 261.49 | 518.51 | OK | |
r-devel-linux-x86_64-fedora-clang | 4.0.2 | 819.58 | NOTE | |||
r-devel-linux-x86_64-fedora-gcc | 4.0.2 | 838.92 | NOTE | |||
r-devel-windows-x86_64 | 4.0.2 | 309.00 | 287.00 | 596.00 | OK | |
r-patched-linux-x86_64 | 4.0.2 | 320.88 | 329.96 | 650.84 | OK | |
r-release-linux-x86_64 | 4.0.2 | 321.10 | 332.36 | 653.46 | OK | |
r-release-macos-arm64 | 4.0.2 | 204.00 | NOTE | |||
r-release-macos-x86_64 | 4.0.2 | 245.00 | NOTE | |||
r-release-windows-x86_64 | 4.0.2 | 306.00 | 290.00 | 596.00 | OK | |
r-oldrel-macos-arm64 | 4.0.2 | 205.00 | NOTE | |||
r-oldrel-macos-x86_64 | 4.0.2 | 349.00 | NOTE | |||
r-oldrel-windows-x86_64 | 4.0.2 | 364.00 | 373.00 | 737.00 | OK |
Version: 4.0.2
Check: data for non-ASCII characters
Result: NOTE
Note: found 4 marked UTF-8 strings
Flavors: r-devel-linux-x86_64-fedora-clang, r-devel-linux-x86_64-fedora-gcc
Version: 4.0.2
Check: installed package size
Result: NOTE
installed size is 9.0Mb
sub-directories of 1Mb or more:
libs 6.5Mb
Flavors: r-release-macos-arm64, r-release-macos-x86_64, r-oldrel-macos-arm64, r-oldrel-macos-x86_64