Last updated on 2024-06-30 00:59:23 CEST.
Flavor | Version | Tinstall | Tcheck | Ttotal | Status | Flags |
---|---|---|---|---|---|---|
r-devel-linux-x86_64-debian-clang | 0.2.2 | 3.74 | 37.76 | 41.50 | NOTE | |
r-devel-linux-x86_64-debian-gcc | 0.2.2 | 3.39 | 28.28 | 31.67 | NOTE | |
r-devel-linux-x86_64-fedora-clang | 0.2.2 | 52.45 | NOTE | |||
r-devel-linux-x86_64-fedora-gcc | 0.2.2 | 49.88 | NOTE | |||
r-devel-windows-x86_64 | 0.2.2 | 7.00 | 59.00 | 66.00 | NOTE | |
r-patched-linux-x86_64 | 0.2.2 | 3.90 | 36.50 | 40.40 | OK | |
r-release-linux-x86_64 | 0.2.2 | 3.96 | 35.82 | 39.78 | OK | |
r-release-macos-arm64 | 0.2.2 | 23.00 | OK | |||
r-release-macos-x86_64 | 0.2.2 | 32.00 | OK | |||
r-release-windows-x86_64 | 0.2.2 | 6.00 | 59.00 | 65.00 | OK | |
r-oldrel-macos-arm64 | 0.2.2 | 25.00 | OK | |||
r-oldrel-macos-x86_64 | 0.2.2 | 50.00 | OK | |||
r-oldrel-windows-x86_64 | 0.2.2 | 8.00 | 62.00 | 70.00 | OK |
Version: 0.2.2
Check: compiled code
Result: NOTE
File ‘quickmatch/libs/quickmatch.so’:
Found non-API call to R: ‘SETLENGTH’
Compiled code should not call non-API entry points in R.
See ‘Writing portable packages’ in the ‘Writing R Extensions’ manual.
See section ‘Moving into C API compliance’ in the ‘Writing R
Extensions’ manual for issues with use of non-API entry points.
Flavors: r-devel-linux-x86_64-debian-clang, r-devel-linux-x86_64-debian-gcc, r-devel-linux-x86_64-fedora-clang, r-devel-linux-x86_64-fedora-gcc
Version: 0.2.2
Check: compiled code
Result: NOTE
File 'quickmatch/libs/x64/quickmatch.dll':
Found non-API call to R: 'SETLENGTH'
Compiled code should not call non-API entry points in R.
See 'Writing portable packages' in the 'Writing R Extensions' manual.
See section 'Moving into C API compliance' in the 'Writing R
Extensions' manual for issues with use of non-API entry points.
Flavor: r-devel-windows-x86_64