Last updated on 2024-06-16 11:58:04 CEST.
Flavor | Version | Tinstall | Tcheck | Ttotal | Status | Flags |
---|---|---|---|---|---|---|
r-devel-linux-x86_64-debian-clang | 1.0.1 | 3.37 | 38.67 | 42.04 | NOTE | |
r-devel-linux-x86_64-debian-gcc | 1.0.1 | 2.49 | 30.35 | 32.84 | NOTE | |
r-devel-linux-x86_64-fedora-clang | 1.0.1 | 53.53 | NOTE | |||
r-devel-linux-x86_64-fedora-gcc | 1.0.1 | 50.06 | NOTE | |||
r-devel-windows-x86_64 | 1.0.1 | 4.00 | 55.00 | 59.00 | NOTE | |
r-patched-linux-x86_64 | 1.0.1 | 3.47 | 37.19 | 40.66 | NOTE | |
r-release-linux-x86_64 | 1.0.1 | 3.32 | 38.61 | 41.93 | NOTE | |
r-release-macos-arm64 | 1.0.1 | 21.00 | NOTE | |||
r-release-macos-x86_64 | 1.0.1 | 30.00 | NOTE | |||
r-release-windows-x86_64 | 1.0.1 | 3.00 | 57.00 | 60.00 | NOTE | |
r-oldrel-macos-arm64 | 1.0.1 | 22.00 | OK | |||
r-oldrel-macos-x86_64 | 1.0.1 | 30.00 | OK | |||
r-oldrel-windows-x86_64 | 1.0.1 | 5.00 | 59.00 | 64.00 | OK |
Version: 1.0.1
Check: Rd files
Result: NOTE
checkRd: (-1) conf2d.Rd:64: Lost braces; missing escapes or markup?
64 | compute a smooth surface from \code{x} and {y}. If users already have
| ^
Flavors: r-devel-linux-x86_64-debian-clang, r-devel-linux-x86_64-debian-gcc, r-devel-linux-x86_64-fedora-clang, r-devel-linux-x86_64-fedora-gcc, r-devel-windows-x86_64, r-patched-linux-x86_64, r-release-linux-x86_64, r-release-macos-arm64, r-release-macos-x86_64, r-release-windows-x86_64
Version: 1.0.1
Check: Rd cross-references
Result: NOTE
Undeclared package ‘gplots’ in Rd xrefs
Flavor: r-devel-linux-x86_64-fedora-clang