Last updated on 2024-06-16 11:58:05 CEST.
Flavor | Version | Tinstall | Tcheck | Ttotal | Status | Flags |
---|---|---|---|---|---|---|
r-devel-linux-x86_64-debian-clang | 1.3 | 34.19 | 281.98 | 316.17 | OK | |
r-devel-linux-x86_64-debian-gcc | 1.3 | 16.62 | 205.58 | 222.20 | OK | |
r-devel-linux-x86_64-fedora-clang | 1.3 | 351.00 | NOTE | |||
r-devel-linux-x86_64-fedora-gcc | 1.3 | 355.07 | OK | |||
r-devel-windows-x86_64 | 1.3 | 39.00 | 201.00 | 240.00 | NOTE | |
r-patched-linux-x86_64 | 1.3 | 26.72 | 272.79 | 299.51 | OK | |
r-release-linux-x86_64 | 1.3 | 34.24 | 273.28 | 307.52 | OK | |
r-release-macos-arm64 | 1.3 | 100.00 | NOTE | |||
r-release-macos-x86_64 | 1.3 | 154.00 | NOTE | |||
r-release-windows-x86_64 | 1.3 | 38.00 | 205.00 | 243.00 | NOTE | |
r-oldrel-macos-arm64 | 1.3 | 86.00 | NOTE | |||
r-oldrel-macos-x86_64 | 1.3 | 147.00 | NOTE | |||
r-oldrel-windows-x86_64 | 1.3 | 47.00 | 255.00 | 302.00 | NOTE |
Version: 1.3
Check: installed package size
Result: NOTE
installed size is 24.8Mb
sub-directories of 1Mb or more:
extdata 24.0Mb
Flavors: r-devel-linux-x86_64-fedora-clang, r-devel-windows-x86_64, r-release-macos-arm64, r-release-macos-x86_64, r-release-windows-x86_64, r-oldrel-macos-arm64, r-oldrel-macos-x86_64, r-oldrel-windows-x86_64