Last updated on 2024-06-30 00:59:23 CEST.
Flavor | Version | Tinstall | Tcheck | Ttotal | Status | Flags |
---|---|---|---|---|---|---|
r-devel-linux-x86_64-debian-clang | 0.3.1.1 | 32.87 | 191.99 | 224.86 | OK | |
r-devel-linux-x86_64-debian-gcc | 0.3.1.1 | 23.94 | 143.39 | 167.33 | OK | |
r-devel-linux-x86_64-fedora-clang | 0.3.1.1 | 293.31 | OK | |||
r-devel-linux-x86_64-fedora-gcc | 0.3.1.1 | 289.87 | OK | |||
r-devel-windows-x86_64 | 0.3.1.1 | 32.00 | 160.00 | 192.00 | OK | |
r-patched-linux-x86_64 | 0.3.1.1 | 27.83 | 189.22 | 217.05 | OK | |
r-release-linux-x86_64 | 0.3.1.1 | 20.72 | 191.16 | 211.88 | OK | |
r-release-macos-arm64 | 0.3.1.1 | 87.00 | OK | |||
r-release-macos-x86_64 | 0.3.1.1 | 129.00 | OK | |||
r-release-windows-x86_64 | 0.3.1.1 | 31.00 | 166.00 | 197.00 | OK | |
r-oldrel-macos-arm64 | 0.3.1.1 | 93.00 | OK | |||
r-oldrel-macos-x86_64 | 0.3.1.1 | 152.00 | NOTE | |||
r-oldrel-windows-x86_64 | 0.3.1.1 | 37.00 | 206.00 | 243.00 | OK |
Version: 0.3.1.1
Check: package dependencies
Result: NOTE
Package suggested but not available for checking: ‘quanteda.textmodels’
Flavor: r-oldrel-macos-x86_64