Last updated on 2024-06-30 00:59:23 CEST.
Flavor | Version | Tinstall | Tcheck | Ttotal | Status | Flags |
---|---|---|---|---|---|---|
r-devel-linux-x86_64-debian-clang | 3.0.2 | 34.78 | 194.85 | 229.63 | NOTE | |
r-devel-linux-x86_64-debian-gcc | 3.0.2 | 26.70 | 142.15 | 168.85 | NOTE | |
r-devel-linux-x86_64-fedora-clang | 3.0.2 | 306.19 | NOTE | |||
r-devel-linux-x86_64-fedora-gcc | 3.0.2 | 283.52 | NOTE | |||
r-devel-windows-x86_64 | 3.0.2 | 31.00 | 165.00 | 196.00 | NOTE | |
r-patched-linux-x86_64 | 3.0.2 | 35.64 | 184.65 | 220.29 | NOTE | |
r-release-linux-x86_64 | 3.0.2 | 23.62 | 184.52 | 208.14 | NOTE | |
r-release-macos-arm64 | 3.0.2 | 74.00 | NOTE | |||
r-release-macos-x86_64 | 3.0.2 | 121.00 | NOTE | |||
r-release-windows-x86_64 | 3.0.2 | 33.00 | 169.00 | 202.00 | NOTE | |
r-oldrel-macos-arm64 | 3.0.2 | 78.00 | OK | |||
r-oldrel-macos-x86_64 | 3.0.2 | 192.00 | OK | |||
r-oldrel-windows-x86_64 | 3.0.2 | 41.00 | 205.00 | 246.00 | OK |
Version: 3.0.2
Check: Rd files
Result: NOTE
checkRd: (-1) makeDesignMatrix.Rd:16: Lost braces; missing escapes or markup?
16 | is randomized to a certain treatment {j}, the entry of \code{(i,j)} of the
| ^
Flavors: r-devel-linux-x86_64-debian-clang, r-devel-linux-x86_64-debian-gcc, r-devel-linux-x86_64-fedora-clang, r-devel-linux-x86_64-fedora-gcc, r-devel-windows-x86_64, r-patched-linux-x86_64, r-release-linux-x86_64, r-release-macos-arm64, r-release-macos-x86_64, r-release-windows-x86_64