Last updated on 2024-06-16 11:58:04 CEST.
Flavor | Version | Tinstall | Tcheck | Ttotal | Status | Flags |
---|---|---|---|---|---|---|
r-devel-linux-x86_64-debian-clang | 2.1 | 28.47 | 74.07 | 102.54 | NOTE | |
r-devel-linux-x86_64-debian-gcc | 2.1 | 18.32 | 54.76 | 73.08 | NOTE | |
r-devel-linux-x86_64-fedora-clang | 2.1 | 133.54 | NOTE | |||
r-devel-linux-x86_64-fedora-gcc | 2.1 | 124.61 | NOTE | |||
r-devel-windows-x86_64 | 2.1 | 24.00 | 88.00 | 112.00 | NOTE | |
r-patched-linux-x86_64 | 2.1 | 24.10 | 73.81 | 97.91 | NOTE | |
r-release-linux-x86_64 | 2.1 | 23.71 | 70.22 | 93.93 | NOTE | |
r-release-macos-arm64 | 2.1 | 41.00 | NOTE | |||
r-release-macos-x86_64 | 2.1 | 60.00 | NOTE | |||
r-release-windows-x86_64 | 2.1 | 25.00 | 94.00 | 119.00 | NOTE | |
r-oldrel-macos-arm64 | 2.1 | 43.00 | OK | |||
r-oldrel-macos-x86_64 | 2.1 | 64.00 | OK | |||
r-oldrel-windows-x86_64 | 2.1 | 30.00 | 107.00 | 137.00 | OK |
Version: 2.1
Check: Rd files
Result: NOTE
checkRd: (-1) addRasterLegend.Rd:89: Lost braces in \itemize; \value handles \item{}{} directly
checkRd: (-1) addRasterLegend.Rd:90: Lost braces in \itemize; \value handles \item{}{} directly
checkRd: (-1) addRasterLegend.Rd:91: Lost braces in \itemize; \value handles \item{}{} directly
checkRd: (-1) addRasterLegend.Rd:92: Lost braces in \itemize; \value handles \item{}{} directly
checkRd: (-1) addRasterLegend.Rd:93: Lost braces in \itemize; \value handles \item{}{} directly
Flavors: r-devel-linux-x86_64-debian-clang, r-devel-linux-x86_64-debian-gcc, r-devel-linux-x86_64-fedora-clang, r-devel-linux-x86_64-fedora-gcc, r-devel-windows-x86_64, r-patched-linux-x86_64, r-release-linux-x86_64, r-release-macos-arm64, r-release-macos-x86_64, r-release-windows-x86_64