Last updated on 2024-06-30 00:59:23 CEST.
Flavor | Version | Tinstall | Tcheck | Ttotal | Status | Flags |
---|---|---|---|---|---|---|
r-devel-linux-x86_64-debian-clang | 1.0.3 | 72.24 | 53.03 | 125.27 | OK | |
r-devel-linux-x86_64-debian-gcc | 1.0.3 | 42.40 | 39.60 | 82.00 | OK | |
r-devel-linux-x86_64-fedora-clang | 1.0.3 | 168.60 | OK | |||
r-devel-linux-x86_64-fedora-gcc | 1.0.3 | 177.93 | OK | |||
r-devel-windows-x86_64 | 1.0.3 | 51.00 | 1250.00 | 1301.00 | NOTE | |
r-patched-linux-x86_64 | 1.0.3 | 55.17 | 50.18 | 105.35 | OK | |
r-release-linux-x86_64 | 1.0.3 | 52.91 | 52.30 | 105.21 | OK | |
r-release-macos-arm64 | 1.0.3 | 38.00 | OK | |||
r-release-macos-x86_64 | 1.0.3 | 45.00 | OK | |||
r-release-windows-x86_64 | 1.0.3 | 50.00 | 858.00 | 908.00 | NOTE | |
r-oldrel-macos-arm64 | 1.0.3 | 43.00 | NOTE | |||
r-oldrel-macos-x86_64 | 1.0.3 | 70.00 | NOTE | |||
r-oldrel-windows-x86_64 | 1.0.3 | 62.00 | 566.00 | 628.00 | NOTE |
Version: 1.0.3
Check: C++ specification
Result: NOTE
Specified C++11: please drop specification unless essential
Flavors: r-devel-windows-x86_64, r-release-windows-x86_64, r-oldrel-windows-x86_64
Version: 1.0.3
Check: package dependencies
Result: NOTE
Package suggested but not available for checking: ‘rhdf5’
Flavors: r-oldrel-macos-arm64, r-oldrel-macos-x86_64