Last updated on 2024-06-30 00:59:23 CEST.
Flavor | Version | Tinstall | Tcheck | Ttotal | Status | Flags |
---|---|---|---|---|---|---|
r-devel-linux-x86_64-debian-clang | 2.9 | 6.32 | 41.53 | 47.85 | OK | |
r-devel-linux-x86_64-debian-gcc | 2.9 | 4.65 | 31.27 | 35.92 | OK | |
r-devel-linux-x86_64-fedora-clang | 2.9 | 57.60 | NOTE | |||
r-devel-linux-x86_64-fedora-gcc | 2.9 | 58.91 | OK | |||
r-devel-windows-x86_64 | 2.9 | 6.00 | 48.00 | 54.00 | NOTE | |
r-patched-linux-x86_64 | 2.9 | 5.22 | 40.39 | 45.61 | OK | |
r-release-linux-x86_64 | 2.9 | 8.43 | 41.11 | 49.54 | OK | |
r-release-macos-arm64 | 2.9 | 21.00 | NOTE | |||
r-release-macos-x86_64 | 2.9 | 31.00 | NOTE | |||
r-release-windows-x86_64 | 2.9 | 6.00 | 48.00 | 54.00 | NOTE | |
r-oldrel-macos-arm64 | 2.9 | 28.00 | NOTE | |||
r-oldrel-macos-x86_64 | 2.9 | 53.00 | NOTE | |||
r-oldrel-windows-x86_64 | 2.9 | 9.00 | 58.00 | 67.00 | NOTE |
Version: 2.9
Check: installed package size
Result: NOTE
installed size is 20.3Mb
sub-directories of 1Mb or more:
cont 20.2Mb
Flavors: r-devel-linux-x86_64-fedora-clang, r-devel-windows-x86_64, r-release-macos-arm64, r-release-macos-x86_64, r-release-windows-x86_64, r-oldrel-macos-arm64, r-oldrel-macos-x86_64, r-oldrel-windows-x86_64